{"id":5838,"date":"2021-10-10T19:12:35","date_gmt":"2021-10-10T17:12:35","guid":{"rendered":"https:\/\/simpledream.pl\/?page_id=5838"},"modified":"2022-05-14T16:00:20","modified_gmt":"2022-05-14T14:00:20","slug":"zwroty-wymiana","status":"publish","type":"page","link":"https:\/\/simpledream.pl\/index.php\/pl\/zwroty-wymiana\/","title":{"rendered":"Zwroty \/ wymiana"},"content":{"rendered":"\t\t<div data-elementor-type=\"wp-page\" data-elementor-id=\"5838\" class=\"elementor elementor-5838\" data-elementor-post-type=\"page\">\n\t\t\t\t\t\t\t\t\t<section class=\"elementor-section elementor-top-section elementor-element elementor-element-59f7465 elementor-section-full_width elementor-section-content-middle qodef-elementor-content-grid elementor-section-height-default elementor-section-height-default\" data-id=\"59f7465\" data-element_type=\"section\">\n\t\t\t\t\t\t<div class=\"elementor-container elementor-column-gap-default\">\n\t\t\t\t\t<div class=\"elementor-column elementor-col-100 elementor-top-column elementor-element elementor-element-2293808\" data-id=\"2293808\" data-element_type=\"column\">\n\t\t\t<div class=\"elementor-widget-wrap elementor-element-populated\">\n\t\t\t\t\t\t\t\t<div class=\"elementor-element elementor-element-2e8e514 elementor-widget elementor-widget-lekker_core_section_title\" data-id=\"2e8e514\" data-element_type=\"widget\" data-widget_type=\"lekker_core_section_title.default\">\n\t\t\t\t<div class=\"elementor-widget-container\">\n\t\t\t<div class=\"qodef-shortcode qodef-m  qodef-section-title qodef-alignment--left  \">\n\t\t<h3 class=\"qodef-m-title\" >\n\t\t\t\t\tWymiana towaru\t\t\t<\/h3>\n\t<\/div>\t\t<\/div>\n\t\t\t\t<\/div>\n\t\t\t\t<div class=\"elementor-element elementor-element-0e5cec3 elementor-widget elementor-widget-text-editor\" data-id=\"0e5cec3\" data-element_type=\"widget\" data-widget_type=\"text-editor.default\">\n\t\t\t\t<div class=\"elementor-widget-container\">\n\t\t\t<style>\/*! elementor - v3.18.0 - 20-12-2023 *\/\n.elementor-widget-text-editor.elementor-drop-cap-view-stacked .elementor-drop-cap{background-color:#69727d;color:#fff}.elementor-widget-text-editor.elementor-drop-cap-view-framed .elementor-drop-cap{color:#69727d;border:3px solid;background-color:transparent}.elementor-widget-text-editor:not(.elementor-drop-cap-view-default) .elementor-drop-cap{margin-top:8px}.elementor-widget-text-editor:not(.elementor-drop-cap-view-default) .elementor-drop-cap-letter{width:1em;height:1em}.elementor-widget-text-editor .elementor-drop-cap{float:left;text-align:center;line-height:1;font-size:50px}.elementor-widget-text-editor .elementor-drop-cap-letter{display:inline-block}<\/style>\t\t\t\t<p>1. Wszystkie zakupione w Sklepie Internetowym Towary, na \u017cyczenie Klienta podlegaj\u0105 wymianie na inny, w terminie 14 dni od daty otrzymania Towaru, kt\u00f3ry ma by\u0107 wymieniony.<\/p><p>2. Klient mo\u017ce dokona\u0107 wymiany zam\u00f3wionego Towaru na inny, odsy\u0142aj\u0105c nieu\u017cywany i nieuszkodzony Towar w oryginalnym i niezniszczonym opakowaniu na adres Sklepu Internetowego, ponosz\u0105c koszty odes\u0142ania Towaru.<\/p><p>3. Klient proszony jest o wcze\u015bniejsze potwierdzenie drog\u0105 mailow\u0105 czy w ofercie Sklepu Internetowego znajduje si\u0119 oczekiwany Towar. W przypadku braku dost\u0119pno\u015bci towaru, Simple Dream do\u0142o\u017cy wszelkich stara\u0144, by towar wymieni\u0107 mo\u017cliwie jak najszybciej. W sytuacji, gdy wymiana b\u0119dzie niemo\u017cliwa (np. z powodu wyczerpania zapas\u00f3w), Simple Dream zaoferuje do wyboru inny dost\u0119pny produkt lub zwr\u00f3ci pieni\u0105dze na wskazane konto.<\/p><p>4. Czas realizacji wymiany wynosi do 7 dni roboczych, licz\u0105c od momentu otrzymania przesy\u0142ki przez Simple Dream.<\/p>\t\t\t\t\t\t<\/div>\n\t\t\t\t<\/div>\n\t\t\t\t\t<\/div>\n\t\t<\/div>\n\t\t\t\t\t\t\t<\/div>\n\t\t<\/section>\n\t\t\t\t<section class=\"elementor-section elementor-top-section elementor-element elementor-element-73ea7b3 elementor-section-full_width elementor-section-content-middle qodef-elementor-content-grid elementor-section-height-default elementor-section-height-default\" data-id=\"73ea7b3\" data-element_type=\"section\">\n\t\t\t\t\t\t<div class=\"elementor-container elementor-column-gap-default\">\n\t\t\t\t\t<div class=\"elementor-column elementor-col-100 elementor-top-column elementor-element elementor-element-e10bc9d\" data-id=\"e10bc9d\" data-element_type=\"column\">\n\t\t\t<div class=\"elementor-widget-wrap elementor-element-populated\">\n\t\t\t\t\t\t\t\t<div class=\"elementor-element elementor-element-8ce5693 elementor-widget elementor-widget-lekker_core_section_title\" data-id=\"8ce5693\" data-element_type=\"widget\" data-widget_type=\"lekker_core_section_title.default\">\n\t\t\t\t<div class=\"elementor-widget-container\">\n\t\t\t<div class=\"qodef-shortcode qodef-m  qodef-section-title qodef-alignment--left  \">\n\t\t<h3 class=\"qodef-m-title\" >\n\t\t\t\t\tPrawo do odst\u0105pienia<br \/> od umowy \t\t\t<\/h3>\n\t<\/div>\t\t<\/div>\n\t\t\t\t<\/div>\n\t\t\t\t<div class=\"elementor-element elementor-element-9bd3f30 elementor-widget elementor-widget-text-editor\" data-id=\"9bd3f30\" data-element_type=\"widget\" data-widget_type=\"text-editor.default\">\n\t\t\t\t<div class=\"elementor-widget-container\">\n\t\t\t\t\t\t\t<p>1. Konsumentowi przys\u0142uguje prawo do odst\u0105pienia od umowy sprzeda\u017cy zawartej z Simple Dream bez podawania przyczyny, w terminie 14 dni od dnia otrzymania Towaru, a wi\u0119c obj\u0119cia przez Konsumenta Towaru w posiadanie lub obj\u0119cia Towaru w posiadanie przez wskazan\u0105 przez Konsumenta osob\u0119 trzeci\u0105 inn\u0105 ni\u017c przewo\u017anik, za\u015b w przypadku, gdy Konsument z\u0142o\u017cy jedno Zam\u00f3wienie obejmuj\u0105ce wiele Towar\u00f3w, kt\u00f3re s\u0105 dostarczane osobno, partiami lub cz\u0119\u015bciami, termin czternastodniowy nale\u017cy liczy\u0107 od momentu wej\u015bcia w fizyczne posiadanie ostatniego Towaru, partii lub cz\u0119\u015bci.<\/p><p>2. Do zachowania czternastodniowego terminu wystarczy wys\u0142anie stosownego o\u015bwiadczenia przed jego up\u0142ywem.<\/p><p>3. O\u015bwiadczenie Konsumenta o odst\u0105pieniu od umowy nale\u017cy wys\u0142a\u0107 do siedziby Sprzedaj\u0105cego lub na adres e-mail: <span \n                data-original-string=\"YYnpeKaddXjMzgGbTmR2Gg==36fPaFVhw6DhmSQfjoFUt6DAhPRoZgADiWJue8qQp5O8jg=\"\n                class=\"apbct-email-encoder\"\n                title=\"This contact has been encoded by Anti-Spam by CleanTalk. Click to decode. To finish the decoding make sure that JavaScript is enabled in your browser.\">of<span class=\"apbct-blur\">****@si*****************.c<\/span>om<\/span>.<\/p><p>4. Sprzedaj\u0105cy niezw\u0142ocznie potwierdzi Konsumentowi na e-mail podany w formularzu otrzymanie o\u015bwiadczenia o odst\u0105pieniu od umowy.<\/p><p>5. Konsument ma obowi\u0105zek zwr\u00f3ci\u0107 Towar Sprzedaj\u0105cemu niezw\u0142ocznie, jednak nie p\u00f3\u017aniej ni\u017c 14 dni od dnia, w kt\u00f3rym odst\u0105pi\u0142 od umowy. Do zachowania terminu wystarczy odes\u0142anie Towaru przed jego up\u0142ywem.<\/p><p>6. W razie skorzystania przez Konsumenta z prawa do odst\u0105pienia od umowy, Konsument ponosi wszystkie bezpo\u015brednie koszty zwrotu (dostarczenia) Towaru do siedziby Sprzedaj\u0105cego.<\/p><p>7. Simple Dream dokonuje zwrotu wszystkich dokonanych przez Konsumenta p\u0142atno\u015bci, przy u\u017cyciu takiego samego sposobu zap\u0142aty, jakiego u\u017cy\u0142 Klient, chyba \u017ce Konsument wyra\u017anie zgodzi\u0142 si\u0119 na inny spos\u00f3b zwrotu, kt\u00f3ry nie wi\u0105\u017ce si\u0119 z \u017cadnymi kosztami.<\/p><p>8. W przypadku wyst\u0105pienia konieczno\u015bci zwrotu \u015brodk\u00f3w za transakcj\u0119 dokonan\u0105 przez klienta kart\u0105 p\u0142atnicz\u0105 sprzedaj\u0105cy dokonana zwrotu na rachunek bankowy przypisany do karty p\u0142atniczej Zamawiaj\u0105cego.<\/p><p>9. Zwrotu Klient powinien dokona\u0107 wysy\u0142aj\u0105c Towar na adres siedziby Sprzedaj\u0105cego (ul. Broniewskiego 9\/44, 38-300 Gorlice) z dopiskiem &#8220;Zwrot&#8221;.<\/p><p>10. Sprzedaj\u0105cy jest zobowi\u0105zany do zwr\u00f3cenia warto\u015bci zwr\u00f3conego towaru (obejmuj\u0105c\u0105 cen\u0119 zakupionych produkt\u00f3w i koszty ich wysy\u0142ki do Klienta) w terminie 14 dni od otrzymania zwrotu (przesy\u0142ki od Klienta).<\/p><p>11. Sklep ma prawo odm\u00f3wi\u0107 przyj\u0119cia zwrotu towaru w przypadkach zwrotu uszkodzonego towaru lub dostarczenia do sklepu towaru niepe\u0142nowarto\u015bciowego, nosz\u0105cego \u015blady u\u017cytkowania.<\/p><p>12. Kupuj\u0105cy nieb\u0119d\u0105cy Konsumentem, nie ma prawa do odst\u0105pienia od umowy, o kt\u00f3rym mowa w ust. 1, za\u015b w zakresie takiej sprzeda\u017cy zasady i terminy odst\u0105pienia od umowy reguluj\u0105 przepisy Kodeksu Cywilnego.<\/p>\t\t\t\t\t\t<\/div>\n\t\t\t\t<\/div>\n\t\t\t\t\t<\/div>\n\t\t<\/div>\n\t\t\t\t\t\t\t<\/div>\n\t\t<\/section>\n\t\t\t\t<section class=\"elementor-section elementor-top-section elementor-element elementor-element-b7d0017 elementor-section-full_width elementor-section-content-middle qodef-elementor-content-grid elementor-section-height-default elementor-section-height-default\" data-id=\"b7d0017\" data-element_type=\"section\">\n\t\t\t\t\t\t<div class=\"elementor-container elementor-column-gap-default\">\n\t\t\t\t\t<div class=\"elementor-column elementor-col-100 elementor-top-column elementor-element elementor-element-427611d\" data-id=\"427611d\" data-element_type=\"column\">\n\t\t\t<div class=\"elementor-widget-wrap elementor-element-populated\">\n\t\t\t\t\t\t\t\t<div class=\"elementor-element elementor-element-c1aa749 elementor-widget elementor-widget-lekker_core_section_title\" data-id=\"c1aa749\" data-element_type=\"widget\" data-widget_type=\"lekker_core_section_title.default\">\n\t\t\t\t<div class=\"elementor-widget-container\">\n\t\t\t<div class=\"qodef-shortcode qodef-m  qodef-section-title qodef-alignment--left  \">\n\t\t<h3 class=\"qodef-m-title\" >\n\t\t\t\t\tReklamacje\t\t\t<\/h3>\n\t<\/div>\t\t<\/div>\n\t\t\t\t<\/div>\n\t\t\t\t<div class=\"elementor-element elementor-element-b8b6d1c elementor-widget elementor-widget-text-editor\" data-id=\"b8b6d1c\" data-element_type=\"widget\" data-widget_type=\"text-editor.default\">\n\t\t\t\t<div class=\"elementor-widget-container\">\n\t\t\t\t\t\t\t<p>1. Wszystkie Towary zakupione w Sklepie Internetowym podlegaj\u0105 2 (dwa) letniej r\u0119kojmi, zgodnie z Ustaw\u0105 o prawach konsumenta oraz Ustaw\u0105 Kodeks Cywilny.<\/p><p>2. Simple Dream zaleca zachowanie dowodu zakupu \u2013 np. paragon, rachunek.<\/p><p>3. W zg\u0142oszeniu reklamacyjnym Kupuj\u0105cy powinien poda\u0107 szczeg\u00f3\u0142y reklamacji, w szczeg\u00f3lno\u015bci jaki Towar reklamuje, kiedy wada zosta\u0142a zauwa\u017cona, jak r\u00f3wnie\u017c okoliczno\u015bci uzasadniaj\u0105ce reklamacj\u0119 i \u017c\u0105dania Kupuj\u0105cego.<\/p><p>4. Simple Dream w terminie 14 dni od dnia zg\u0142oszenia przez Konsumenta reklamacji, poinformuje go o swoim stanowisku w zakresie zasadno\u015bci zg\u0142oszonego roszczenia.<\/p><p>5. Przesy\u0142ka z reklamowanym Towarem powinna zawiera\u0107 o\u015bwiadczenie Konsumenta, zawieraj\u0105ce w miar\u0119 dok\u0142adny opis wady Towaru oraz aktualny adres zwrotny Klienta, z kontaktowym numerem telefonu lub adresem e-mail, aby umo\u017cliwi\u0107 bezpo\u015bredni i niezw\u0142oczny kontakt z Konsumentem.<\/p><p>6. Je\u017celi w wyniku uznania przez Simple Dream reklamacji za zasadn\u0105, Towar naprawiono lub wymieniono na nowy, b\u0105d\u017a zg\u0142oszon\u0105 reklamacj\u0119 odrzucono jako niezasadn\u0105, Simple Dream niezw\u0142ocznie zwr\u00f3ci taki Towar firm\u0105 kuriersk\u0105 na podany przez Konsumenta adres, chyba \u017ce zostanie ustalona z Klientem inna forma przekazania Towaru.<\/p><p>7. Je\u017celi Simple Dream na \u017c\u0105danie Klienta obni\u017cy\u0142 cen\u0119 reklamowanego Towaru lub ma zwr\u00f3ci\u0107 \u015brodki pieni\u0119\u017cne (cen\u0119 Towaru), to odpowiednie roszczenie z takiego tytu\u0142u, zostanie zrealizowane przez Simple Dream, przy u\u017cyciu takiego samego sposobu zap\u0142aty, jakiego u\u017cy\u0142 Klient, chyba \u017ce Konsument wyra\u017anie zgodzi\u0142 si\u0119 na inny spos\u00f3b zwrotu, kt\u00f3ry nie wi\u0105\u017ce si\u0119 dla niego z \u017cadnymi kosztami.<\/p><p>8. W sytuacji gdy reklamowany Towar nie zostanie przez Klienta odebrany, Simple Dream wezwie Klienta na pi\u015bmie lub ewentualnie w inny spos\u00f3b z Nim osobi\u015bcie uzgodniony, do odbioru Towaru w terminie 14 dni od daty otrzymania takiego wezwania. Po bezskutecznym up\u0142ywie tego dodatkowego terminu, Simple Dream uzna post\u0119powanie reklamacyjne za zako\u0144czone.<\/p><p>9. Reklamacja z\u0142o\u017cona przez Kupuj\u0105cego nieb\u0119d\u0105cego Konsumentem, bez za\u0142\u0105czonego dokumentu potwierdzaj\u0105cego sprzeda\u017c, nie b\u0119dzie rozpatrywana.<\/p>\t\t\t\t\t\t<\/div>\n\t\t\t\t<\/div>\n\t\t\t\t\t<\/div>\n\t\t<\/div>\n\t\t\t\t\t\t\t<\/div>\n\t\t<\/section>\n\t\t\t\t\t\t\t<\/div>\n\t\t","protected":false},"excerpt":{"rendered":"<p>Wymiana towaru 1. Wszystkie zakupione w Sklepie Internetowym Towary, na \u017cyczenie Klienta podlegaj\u0105 wymianie na inny, w terminie 14 dni od daty otrzymania Towaru, kt\u00f3ry ma by\u0107 wymieniony. 2. Klient mo\u017ce dokona\u0107 wymiany zam\u00f3wionego Towaru na inny, odsy\u0142aj\u0105c nieu\u017cywany i nieuszkodzony Towar w oryginalnym i niezniszczonym opakowaniu na adres Sklepu Internetowego, ponosz\u0105c koszty odes\u0142ania Towaru. [&hellip;]<\/p>\n","protected":false},"author":1,"featured_media":0,"parent":0,"menu_order":0,"comment_status":"closed","ping_status":"closed","template":"page-full-width.php","meta":{"footnotes":""},"class_list":["post-5838","page","type-page","status-publish","hentry"],"yoast_head":"<!-- This site is optimized with the Yoast SEO plugin v23.9 - https:\/\/yoast.com\/wordpress\/plugins\/seo\/ -->\n<title>Zwroty \/ wymiana - Simple Dream<\/title>\n<meta name=\"robots\" content=\"index, follow, max-snippet:-1, max-image-preview:large, max-video-preview:-1\" \/>\n<link rel=\"canonical\" href=\"https:\/\/simpledream.pl\/index.php\/pl\/zwroty-wymiana\/\" \/>\n<meta property=\"og:locale\" content=\"pl_PL\" \/>\n<meta property=\"og:type\" content=\"article\" \/>\n<meta property=\"og:title\" content=\"Zwroty \/ wymiana - Simple Dream\" \/>\n<meta property=\"og:description\" content=\"Wymiana towaru 1. Wszystkie zakupione w Sklepie Internetowym Towary, na \u017cyczenie Klienta podlegaj\u0105 wymianie na inny, w terminie 14 dni od daty otrzymania Towaru, kt\u00f3ry ma by\u0107 wymieniony. 2. Klient mo\u017ce dokona\u0107 wymiany zam\u00f3wionego Towaru na inny, odsy\u0142aj\u0105c nieu\u017cywany i nieuszkodzony Towar w oryginalnym i niezniszczonym opakowaniu na adres Sklepu Internetowego, ponosz\u0105c koszty odes\u0142ania Towaru. [&hellip;]\" \/>\n<meta property=\"og:url\" content=\"https:\/\/simpledream.pl\/index.php\/pl\/zwroty-wymiana\/\" \/>\n<meta property=\"og:site_name\" content=\"Simple Dream\" \/>\n<meta property=\"article:modified_time\" content=\"2022-05-14T14:00:20+00:00\" \/>\n<meta name=\"twitter:card\" content=\"summary_large_image\" \/>\n<meta name=\"twitter:label1\" content=\"Szacowany czas czytania\" \/>\n\t<meta name=\"twitter:data1\" content=\"4 minuty\" \/>\n<script type=\"application\/ld+json\" class=\"yoast-schema-graph\">{\"@context\":\"https:\/\/schema.org\",\"@graph\":[{\"@type\":\"WebPage\",\"@id\":\"https:\/\/simpledream.pl\/index.php\/pl\/zwroty-wymiana\/\",\"url\":\"https:\/\/simpledream.pl\/index.php\/pl\/zwroty-wymiana\/\",\"name\":\"Zwroty \/ wymiana - Simple Dream\",\"isPartOf\":{\"@id\":\"https:\/\/simpledream.pl\/#website\"},\"datePublished\":\"2021-10-10T17:12:35+00:00\",\"dateModified\":\"2022-05-14T14:00:20+00:00\",\"breadcrumb\":{\"@id\":\"https:\/\/simpledream.pl\/index.php\/pl\/zwroty-wymiana\/#breadcrumb\"},\"inLanguage\":\"pl-PL\",\"potentialAction\":[{\"@type\":\"ReadAction\",\"target\":[\"https:\/\/simpledream.pl\/index.php\/pl\/zwroty-wymiana\/\"]}]},{\"@type\":\"BreadcrumbList\",\"@id\":\"https:\/\/simpledream.pl\/index.php\/pl\/zwroty-wymiana\/#breadcrumb\",\"itemListElement\":[{\"@type\":\"ListItem\",\"position\":1,\"name\":\"Strona g\u0142\u00f3wna\",\"item\":\"https:\/\/simpledream.pl\/index.php\/pl\/main-home\/\"},{\"@type\":\"ListItem\",\"position\":2,\"name\":\"Zwroty \/ wymiana\"}]},{\"@type\":\"WebSite\",\"@id\":\"https:\/\/simpledream.pl\/#website\",\"url\":\"https:\/\/simpledream.pl\/\",\"name\":\"Simple Dream\",\"description\":\"\",\"potentialAction\":[{\"@type\":\"SearchAction\",\"target\":{\"@type\":\"EntryPoint\",\"urlTemplate\":\"https:\/\/simpledream.pl\/?s={search_term_string}\"},\"query-input\":{\"@type\":\"PropertyValueSpecification\",\"valueRequired\":true,\"valueName\":\"search_term_string\"}}],\"inLanguage\":\"pl-PL\"}]}<\/script>\n<!-- \/ Yoast SEO plugin. -->","yoast_head_json":{"title":"Zwroty \/ wymiana - Simple Dream","robots":{"index":"index","follow":"follow","max-snippet":"max-snippet:-1","max-image-preview":"max-image-preview:large","max-video-preview":"max-video-preview:-1"},"canonical":"https:\/\/simpledream.pl\/index.php\/pl\/zwroty-wymiana\/","og_locale":"pl_PL","og_type":"article","og_title":"Zwroty \/ wymiana - Simple Dream","og_description":"Wymiana towaru 1. Wszystkie zakupione w Sklepie Internetowym Towary, na \u017cyczenie Klienta podlegaj\u0105 wymianie na inny, w terminie 14 dni od daty otrzymania Towaru, kt\u00f3ry ma by\u0107 wymieniony. 2. Klient mo\u017ce dokona\u0107 wymiany zam\u00f3wionego Towaru na inny, odsy\u0142aj\u0105c nieu\u017cywany i nieuszkodzony Towar w oryginalnym i niezniszczonym opakowaniu na adres Sklepu Internetowego, ponosz\u0105c koszty odes\u0142ania Towaru. [&hellip;]","og_url":"https:\/\/simpledream.pl\/index.php\/pl\/zwroty-wymiana\/","og_site_name":"Simple Dream","article_modified_time":"2022-05-14T14:00:20+00:00","twitter_card":"summary_large_image","twitter_misc":{"Szacowany czas czytania":"4 minuty"},"schema":{"@context":"https:\/\/schema.org","@graph":[{"@type":"WebPage","@id":"https:\/\/simpledream.pl\/index.php\/pl\/zwroty-wymiana\/","url":"https:\/\/simpledream.pl\/index.php\/pl\/zwroty-wymiana\/","name":"Zwroty \/ wymiana - Simple Dream","isPartOf":{"@id":"https:\/\/simpledream.pl\/#website"},"datePublished":"2021-10-10T17:12:35+00:00","dateModified":"2022-05-14T14:00:20+00:00","breadcrumb":{"@id":"https:\/\/simpledream.pl\/index.php\/pl\/zwroty-wymiana\/#breadcrumb"},"inLanguage":"pl-PL","potentialAction":[{"@type":"ReadAction","target":["https:\/\/simpledream.pl\/index.php\/pl\/zwroty-wymiana\/"]}]},{"@type":"BreadcrumbList","@id":"https:\/\/simpledream.pl\/index.php\/pl\/zwroty-wymiana\/#breadcrumb","itemListElement":[{"@type":"ListItem","position":1,"name":"Strona g\u0142\u00f3wna","item":"https:\/\/simpledream.pl\/index.php\/pl\/main-home\/"},{"@type":"ListItem","position":2,"name":"Zwroty \/ wymiana"}]},{"@type":"WebSite","@id":"https:\/\/simpledream.pl\/#website","url":"https:\/\/simpledream.pl\/","name":"Simple Dream","description":"","potentialAction":[{"@type":"SearchAction","target":{"@type":"EntryPoint","urlTemplate":"https:\/\/simpledream.pl\/?s={search_term_string}"},"query-input":{"@type":"PropertyValueSpecification","valueRequired":true,"valueName":"search_term_string"}}],"inLanguage":"pl-PL"}]}},"lang":"pl","translations":{"pl":5838,"en":6582},"pll_sync_post":[],"_links":{"self":[{"href":"https:\/\/simpledream.pl\/index.php\/wp-json\/wp\/v2\/pages\/5838","targetHints":{"allow":["GET"]}}],"collection":[{"href":"https:\/\/simpledream.pl\/index.php\/wp-json\/wp\/v2\/pages"}],"about":[{"href":"https:\/\/simpledream.pl\/index.php\/wp-json\/wp\/v2\/types\/page"}],"author":[{"embeddable":true,"href":"https:\/\/simpledream.pl\/index.php\/wp-json\/wp\/v2\/users\/1"}],"replies":[{"embeddable":true,"href":"https:\/\/simpledream.pl\/index.php\/wp-json\/wp\/v2\/comments?post=5838"}],"version-history":[{"count":30,"href":"https:\/\/simpledream.pl\/index.php\/wp-json\/wp\/v2\/pages\/5838\/revisions"}],"predecessor-version":[{"id":6686,"href":"https:\/\/simpledream.pl\/index.php\/wp-json\/wp\/v2\/pages\/5838\/revisions\/6686"}],"wp:attachment":[{"href":"https:\/\/simpledream.pl\/index.php\/wp-json\/wp\/v2\/media?parent=5838"}],"curies":[{"name":"wp","href":"https:\/\/api.w.org\/{rel}","templated":true}]}}