{"id":10423,"date":"2023-08-22T12:18:27","date_gmt":"2023-08-22T10:18:27","guid":{"rendered":"https:\/\/simpledream.pl\/?post_type=product&#038;p=10423"},"modified":"2025-01-12T03:31:04","modified_gmt":"2025-01-12T02:31:04","slug":"notebook-in-a-box-frenzy-frenzy-of-elation","status":"publish","type":"product","link":"https:\/\/simpledream.pl\/index.php\/en\/produkt\/notebook-in-a-box-frenzy-frenzy-of-elation\/","title":{"rendered":"Notebook in a box &#8211; Frenzy (Frenzy of Elation)"},"content":{"rendered":"<p>Notebook in a decorative boxe with individual pattern, made in Poland. Hand-made product with a magnetic close.<\/p>\n<p><span style=\"font-weight: 400\">Notebook in square format, 80 sheets<\/span>, hard sponge cover. On the back, on the cover, there is a description in Polish and English related to the pattern. An exclusive box made by hand from colored cardboard.<\/p>\n<p>The perfect 2-in-1 set for writing, sketching, and taking notes. For women, men and children for all occasions. The box can be used as a decoration in a living space. Due to the magnetic closure, it does not open automatically under the influence of movement. It is suitable for storing treasures, knick-knacks and the most necessary things. Thanks to its application and high-quality finish, it is an exclusive set that will satisfy the tastes of the most demanding recipients.<\/p>\n<p>&nbsp;<\/p>\n<p><span style=\"font-weight: 400\">The notebook presents the painting \u201eFrenzy (Frenzy of Elation)\u201d made by W\u0142adys\u0142aw Podkowi\u0144ski in 1894 year. It belongs to the collection of the National Museum in Cracow.<\/span><\/p>\n<p>&nbsp;<\/p>\n<p>The artist worked under the pseudonym &#8220;Andrzej Ansgary&#8221;. He lived in the years 1866-1895. He was a Polish painter and illustrator. Also a precursor of impressionism in Poland. Towards the end of his life he leaned towards symbolism.<\/p>\n<p>&nbsp;<\/p>\n<p>His most famous painting is the title &#8220;Frenzy of Exultation&#8221;. It shows a naked woman sitting on a horse that &#8220;rears&#8221;. It was shown for the first time in an atmosphere of scandal during an exhibition at the Warsaw Society for the Encouragement of Fine Arts. In unexplained circumstances, the artist cut the painting just before the planned closing of the exhibition.<\/p>\n","protected":false},"excerpt":{"rendered":"<p>Notebook in a decorative box with individual pattern, made in Poland. Hand-made product with a magnetic close. <span style=\"font-weight: 400\">Set in 15 x 15 cm format<\/span>. <span class=\"Y2IQFc\" lang=\"en\">The painting &#8220;Frenzy (Frenzy of Elation)&#8221; was made by W\u0142adys\u0142aw Podkowi\u0144ski in 1894. It belongs to the collection of the National Museum in Cracow.<\/span><\/p>\n<p>&nbsp;<\/p>\n","protected":false},"featured_media":10424,"comment_status":"closed","ping_status":"closed","template":"","meta":[],"product_cat":[892,431,920,912,423,902,886,427,429,904,914,916,413,910,888,256,922,906],"product_tag":[928,964,960,962,958,1455,934,930,926,970,940,968,1457],"class_list":{"0":"post-10423","1":"product","2":"type-product","3":"status-publish","4":"has-post-thumbnail","6":"product_cat-50-pln-100-pln","7":"product_cat-art","8":"product_cat-birthday-names-day","9":"product_cat-christmas","10":"product_cat-collections","11":"product_cat-for-whom","12":"product_cat-gifts","13":"product_cat-graphics","14":"product_cat-history","15":"product_cat-kid","16":"product_cat-kids-day","17":"product_cat-mothers-day","18":"product_cat-notebook","19":"product_cat-occasion","20":"product_cat-price","21":"product_cat-uncategorized-en","22":"product_cat-valentines-day","23":"product_cat-woman","24":"product_tag-decorative-box","25":"product_tag-for-notes","26":"product_tag-for-painting","27":"product_tag-for-sketching","28":"product_tag-for-writing","29":"product_tag-frenzy-frenzy-of-elation","30":"product_tag-gift-idea","31":"product_tag-hand-made","32":"product_tag-notebook","33":"product_tag-notebook-in-the-box","34":"product_tag-painting","35":"product_tag-polish-artist","36":"product_tag-wladyslaw-podkowinski","38":"first","39":"outofstock","40":"shipping-taxable","41":"purchasable","42":"product-type-simple"},"yoast_head":"<!-- This site is optimized with the Yoast SEO plugin v23.9 - https:\/\/yoast.com\/wordpress\/plugins\/seo\/ -->\n<title>Notebook in a box - Frenzy (Frenzy of Elation) - Simple Dream<\/title>\n<meta name=\"robots\" content=\"index, follow, max-snippet:-1, max-image-preview:large, max-video-preview:-1\" \/>\n<link rel=\"canonical\" href=\"https:\/\/simpledream.pl\/index.php\/en\/produkt\/notebook-in-a-box-frenzy-frenzy-of-elation\/\" \/>\n<meta property=\"og:locale\" content=\"pl_PL\" \/>\n<meta property=\"og:type\" content=\"article\" \/>\n<meta property=\"og:title\" content=\"Notebook in a box - Frenzy (Frenzy of Elation) - Simple Dream\" \/>\n<meta property=\"og:description\" content=\"Notebook in a decorative box with individual pattern, made in Poland. Hand-made product with a magnetic close. Set in 15 x 15 cm format. The painting &quot;Frenzy (Frenzy of Elation)&quot; was made by W\u0142adys\u0142aw Podkowi\u0144ski in 1894. It belongs to the collection of the National Museum in Cracow.  &nbsp;\" \/>\n<meta property=\"og:url\" content=\"https:\/\/simpledream.pl\/index.php\/en\/produkt\/notebook-in-a-box-frenzy-frenzy-of-elation\/\" \/>\n<meta property=\"og:site_name\" content=\"Simple Dream\" \/>\n<meta property=\"article:modified_time\" content=\"2025-01-12T02:31:04+00:00\" \/>\n<meta property=\"og:image\" content=\"https:\/\/simpledream.pl\/wp-content\/uploads\/2023\/08\/szal-un-gl.jpg\" \/>\n\t<meta property=\"og:image:width\" content=\"1200\" \/>\n\t<meta property=\"og:image:height\" content=\"1200\" \/>\n\t<meta property=\"og:image:type\" content=\"image\/jpeg\" \/>\n<meta name=\"twitter:card\" content=\"summary_large_image\" \/>\n<meta name=\"twitter:label1\" content=\"Szacowany czas czytania\" \/>\n\t<meta name=\"twitter:data1\" content=\"1 minuta\" \/>\n<script type=\"application\/ld+json\" class=\"yoast-schema-graph\">{\"@context\":\"https:\/\/schema.org\",\"@graph\":[{\"@type\":\"WebPage\",\"@id\":\"https:\/\/simpledream.pl\/index.php\/en\/produkt\/notebook-in-a-box-frenzy-frenzy-of-elation\/\",\"url\":\"https:\/\/simpledream.pl\/index.php\/en\/produkt\/notebook-in-a-box-frenzy-frenzy-of-elation\/\",\"name\":\"Notebook in a box - Frenzy (Frenzy of Elation) - Simple Dream\",\"isPartOf\":{\"@id\":\"https:\/\/simpledream.pl\/#website\"},\"primaryImageOfPage\":{\"@id\":\"https:\/\/simpledream.pl\/index.php\/en\/produkt\/notebook-in-a-box-frenzy-frenzy-of-elation\/#primaryimage\"},\"image\":{\"@id\":\"https:\/\/simpledream.pl\/index.php\/en\/produkt\/notebook-in-a-box-frenzy-frenzy-of-elation\/#primaryimage\"},\"thumbnailUrl\":\"https:\/\/simpledream.pl\/wp-content\/uploads\/2023\/08\/szal-un-gl.jpg\",\"datePublished\":\"2023-08-22T10:18:27+00:00\",\"dateModified\":\"2025-01-12T02:31:04+00:00\",\"breadcrumb\":{\"@id\":\"https:\/\/simpledream.pl\/index.php\/en\/produkt\/notebook-in-a-box-frenzy-frenzy-of-elation\/#breadcrumb\"},\"inLanguage\":\"pl-PL\",\"potentialAction\":[{\"@type\":\"ReadAction\",\"target\":[\"https:\/\/simpledream.pl\/index.php\/en\/produkt\/notebook-in-a-box-frenzy-frenzy-of-elation\/\"]}]},{\"@type\":\"ImageObject\",\"inLanguage\":\"pl-PL\",\"@id\":\"https:\/\/simpledream.pl\/index.php\/en\/produkt\/notebook-in-a-box-frenzy-frenzy-of-elation\/#primaryimage\",\"url\":\"https:\/\/simpledream.pl\/wp-content\/uploads\/2023\/08\/szal-un-gl.jpg\",\"contentUrl\":\"https:\/\/simpledream.pl\/wp-content\/uploads\/2023\/08\/szal-un-gl.jpg\",\"width\":1200,\"height\":1200},{\"@type\":\"BreadcrumbList\",\"@id\":\"https:\/\/simpledream.pl\/index.php\/en\/produkt\/notebook-in-a-box-frenzy-frenzy-of-elation\/#breadcrumb\",\"itemListElement\":[{\"@type\":\"ListItem\",\"position\":1,\"name\":\"Strona g\u0142\u00f3wna\",\"item\":\"https:\/\/simpledream.pl\/index.php\/pl\/main-home\/\"},{\"@type\":\"ListItem\",\"position\":2,\"name\":\"Sklep\",\"item\":\"https:\/\/simpledream.pl\/index.php\/pl\/sklep\/\"},{\"@type\":\"ListItem\",\"position\":3,\"name\":\"Notebook in a box &#8211; Frenzy (Frenzy of Elation)\"}]},{\"@type\":\"WebSite\",\"@id\":\"https:\/\/simpledream.pl\/#website\",\"url\":\"https:\/\/simpledream.pl\/\",\"name\":\"Simple Dream\",\"description\":\"\",\"potentialAction\":[{\"@type\":\"SearchAction\",\"target\":{\"@type\":\"EntryPoint\",\"urlTemplate\":\"https:\/\/simpledream.pl\/?s={search_term_string}\"},\"query-input\":{\"@type\":\"PropertyValueSpecification\",\"valueRequired\":true,\"valueName\":\"search_term_string\"}}],\"inLanguage\":\"pl-PL\"}]}<\/script>\n<!-- \/ Yoast SEO plugin. -->","yoast_head_json":{"title":"Notebook in a box - Frenzy (Frenzy of Elation) - Simple Dream","robots":{"index":"index","follow":"follow","max-snippet":"max-snippet:-1","max-image-preview":"max-image-preview:large","max-video-preview":"max-video-preview:-1"},"canonical":"https:\/\/simpledream.pl\/index.php\/en\/produkt\/notebook-in-a-box-frenzy-frenzy-of-elation\/","og_locale":"pl_PL","og_type":"article","og_title":"Notebook in a box - Frenzy (Frenzy of Elation) - Simple Dream","og_description":"Notebook in a decorative box with individual pattern, made in Poland. Hand-made product with a magnetic close. Set in 15 x 15 cm format. The painting \"Frenzy (Frenzy of Elation)\" was made by W\u0142adys\u0142aw Podkowi\u0144ski in 1894. It belongs to the collection of the National Museum in Cracow.  &nbsp;","og_url":"https:\/\/simpledream.pl\/index.php\/en\/produkt\/notebook-in-a-box-frenzy-frenzy-of-elation\/","og_site_name":"Simple Dream","article_modified_time":"2025-01-12T02:31:04+00:00","og_image":[{"width":1200,"height":1200,"url":"https:\/\/simpledream.pl\/wp-content\/uploads\/2023\/08\/szal-un-gl.jpg","type":"image\/jpeg"}],"twitter_card":"summary_large_image","twitter_misc":{"Szacowany czas czytania":"1 minuta"},"schema":{"@context":"https:\/\/schema.org","@graph":[{"@type":"WebPage","@id":"https:\/\/simpledream.pl\/index.php\/en\/produkt\/notebook-in-a-box-frenzy-frenzy-of-elation\/","url":"https:\/\/simpledream.pl\/index.php\/en\/produkt\/notebook-in-a-box-frenzy-frenzy-of-elation\/","name":"Notebook in a box - Frenzy (Frenzy of Elation) - Simple Dream","isPartOf":{"@id":"https:\/\/simpledream.pl\/#website"},"primaryImageOfPage":{"@id":"https:\/\/simpledream.pl\/index.php\/en\/produkt\/notebook-in-a-box-frenzy-frenzy-of-elation\/#primaryimage"},"image":{"@id":"https:\/\/simpledream.pl\/index.php\/en\/produkt\/notebook-in-a-box-frenzy-frenzy-of-elation\/#primaryimage"},"thumbnailUrl":"https:\/\/simpledream.pl\/wp-content\/uploads\/2023\/08\/szal-un-gl.jpg","datePublished":"2023-08-22T10:18:27+00:00","dateModified":"2025-01-12T02:31:04+00:00","breadcrumb":{"@id":"https:\/\/simpledream.pl\/index.php\/en\/produkt\/notebook-in-a-box-frenzy-frenzy-of-elation\/#breadcrumb"},"inLanguage":"pl-PL","potentialAction":[{"@type":"ReadAction","target":["https:\/\/simpledream.pl\/index.php\/en\/produkt\/notebook-in-a-box-frenzy-frenzy-of-elation\/"]}]},{"@type":"ImageObject","inLanguage":"pl-PL","@id":"https:\/\/simpledream.pl\/index.php\/en\/produkt\/notebook-in-a-box-frenzy-frenzy-of-elation\/#primaryimage","url":"https:\/\/simpledream.pl\/wp-content\/uploads\/2023\/08\/szal-un-gl.jpg","contentUrl":"https:\/\/simpledream.pl\/wp-content\/uploads\/2023\/08\/szal-un-gl.jpg","width":1200,"height":1200},{"@type":"BreadcrumbList","@id":"https:\/\/simpledream.pl\/index.php\/en\/produkt\/notebook-in-a-box-frenzy-frenzy-of-elation\/#breadcrumb","itemListElement":[{"@type":"ListItem","position":1,"name":"Strona g\u0142\u00f3wna","item":"https:\/\/simpledream.pl\/index.php\/pl\/main-home\/"},{"@type":"ListItem","position":2,"name":"Sklep","item":"https:\/\/simpledream.pl\/index.php\/pl\/sklep\/"},{"@type":"ListItem","position":3,"name":"Notebook in a box &#8211; Frenzy (Frenzy of Elation)"}]},{"@type":"WebSite","@id":"https:\/\/simpledream.pl\/#website","url":"https:\/\/simpledream.pl\/","name":"Simple Dream","description":"","potentialAction":[{"@type":"SearchAction","target":{"@type":"EntryPoint","urlTemplate":"https:\/\/simpledream.pl\/?s={search_term_string}"},"query-input":{"@type":"PropertyValueSpecification","valueRequired":true,"valueName":"search_term_string"}}],"inLanguage":"pl-PL"}]}},"lang":"en","translations":{"en":10423,"pl":10422},"pll_sync_post":[],"_links":{"self":[{"href":"https:\/\/simpledream.pl\/index.php\/wp-json\/wp\/v2\/product\/10423","targetHints":{"allow":["GET"]}}],"collection":[{"href":"https:\/\/simpledream.pl\/index.php\/wp-json\/wp\/v2\/product"}],"about":[{"href":"https:\/\/simpledream.pl\/index.php\/wp-json\/wp\/v2\/types\/product"}],"replies":[{"embeddable":true,"href":"https:\/\/simpledream.pl\/index.php\/wp-json\/wp\/v2\/comments?post=10423"}],"version-history":[{"count":3,"href":"https:\/\/simpledream.pl\/index.php\/wp-json\/wp\/v2\/product\/10423\/revisions"}],"predecessor-version":[{"id":10502,"href":"https:\/\/simpledream.pl\/index.php\/wp-json\/wp\/v2\/product\/10423\/revisions\/10502"}],"wp:featuredmedia":[{"embeddable":true,"href":"https:\/\/simpledream.pl\/index.php\/wp-json\/wp\/v2\/media\/10424"}],"wp:attachment":[{"href":"https:\/\/simpledream.pl\/index.php\/wp-json\/wp\/v2\/media?parent=10423"}],"wp:term":[{"taxonomy":"product_cat","embeddable":true,"href":"https:\/\/simpledream.pl\/index.php\/wp-json\/wp\/v2\/product_cat?post=10423"},{"taxonomy":"product_tag","embeddable":true,"href":"https:\/\/simpledream.pl\/index.php\/wp-json\/wp\/v2\/product_tag?post=10423"}],"curies":[{"name":"wp","href":"https:\/\/api.w.org\/{rel}","templated":true}]}}