{"id":706,"date":"2020-04-22T06:27:02","date_gmt":"2020-04-22T04:27:02","guid":{"rendered":"https:\/\/lekker.qodeinteractive.com\/?post_type=product&#038;p=706"},"modified":"2025-02-07T15:25:27","modified_gmt":"2025-02-07T14:25:27","slug":"komplet-etui-na-okulary-drzewa","status":"publish","type":"product","link":"https:\/\/simpledream.pl\/index.php\/pl\/produkt\/komplet-etui-na-okulary-drzewa\/","title":{"rendered":"Komplet etui na okulary &#8211; Drzewa"},"content":{"rendered":"<p>Komplet etui na okulary ze \u015bciereczk\u0105 z indywidualnymi wzorami zosta\u0142 wyprodukowany w Polsce. Wykonany z mikrofibry. Grafika ukazuje las brzozowy zim\u0105. Natura inspiruje nas w tworzeniu wzor\u00f3w oraz znajdywaniu ekologicznych rozwi\u0105za\u0144 dla produkt\u00f3w wielorazowego u\u017cytku.<\/p>\n<p>&nbsp;<\/p>\n<p>Wymiary: 16,5 x 7,5 x 6 cm<\/p>\n<p>&nbsp;<\/p>\n<p>Materia\u0142 zewn\u0119trzny mikrofibra, w \u015brodku \u015bciereczka r\u00f3wnie\u017c z tego samego materia\u0142u. Etui zamykane na zawias spr\u0119\u017cynowy. Ze wzgl\u0119du na swoj\u0105 wielko\u015b\u0107, mie\u015bci oprawki w przer\u00f3\u017cnych formatach. Rozwi\u0105zanie dla wszystkich tych, kt\u00f3rzy szukaj\u0105 u\u017cytecznego prezentu z oryginalnym wzorem. A zarazem niezobowi\u0105zuj\u0105cego na r\u00f3\u017cne okazje.<\/p>\n","protected":false},"excerpt":{"rendered":"<p>Komplet etui na okulary ze \u015bciereczk\u0105 z indywidualnym wzorem zosta\u0142 wyprodukowany w Polsce. Wykonany z mikrofibry. Grafika ukazuje las brzozowy zim\u0105. Natura inspiruje nas w tworzeniu wzor\u00f3w oraz znajdywaniu ekologicznych rozwi\u0105za\u0144 dla produkt\u00f3w wielorazowego u\u017cytku.<\/p>\n","protected":false},"featured_media":6727,"comment_status":"closed","ping_status":"closed","template":"","meta":[],"product_cat":[136,506,15,92,94,115,116,117,130,132,133,123,125,128,127,124],"product_tag":[178,204,174,207,206,205,208],"class_list":{"0":"post-706","1":"product","2":"type-product","3":"status-publish","4":"has-post-thumbnail","6":"product_cat-etui-2","7":"product_cat-zestawy","8":"product_cat-bez-kategorii","9":"product_cat-kolekcje","10":"product_cat-grafika","11":"product_cat-prezenty","12":"product_cat-cena","13":"product_cat-ponizej-50-zl","14":"product_cat-dla-kogo","15":"product_cat-kobieta","16":"product_cat-mezczyzna","17":"product_cat-okazja","18":"product_cat-boze-narodzenie","19":"product_cat-dzien-matki","20":"product_cat-dzien-ojca","21":"product_cat-urodziny-imieniny","22":"product_tag-drzewa","23":"product_tag-etui-na-okulary","24":"product_tag-grafika","25":"product_tag-komplet","26":"product_tag-mikrofibra","27":"product_tag-sciereczka","28":"product_tag-zestaw","30":"first","31":"instock","32":"shipping-taxable","33":"purchasable","34":"product-type-simple"},"yoast_head":"<!-- This site is optimized with the Yoast SEO plugin v23.9 - https:\/\/yoast.com\/wordpress\/plugins\/seo\/ -->\n<title>Komplet etui na okulary - Drzewa - Simple Dream<\/title>\n<meta name=\"robots\" content=\"index, follow, max-snippet:-1, max-image-preview:large, max-video-preview:-1\" \/>\n<link rel=\"canonical\" href=\"https:\/\/simpledream.pl\/index.php\/pl\/produkt\/komplet-etui-na-okulary-drzewa\/\" \/>\n<meta property=\"og:locale\" content=\"pl_PL\" \/>\n<meta property=\"og:type\" content=\"article\" \/>\n<meta property=\"og:title\" content=\"Komplet etui na okulary - Drzewa - Simple Dream\" \/>\n<meta property=\"og:description\" content=\"Komplet etui na okulary ze \u015bciereczk\u0105 z indywidualnym wzorem zosta\u0142 wyprodukowany w Polsce. Wykonany z mikrofibry. Grafika ukazuje las brzozowy zim\u0105. Natura inspiruje nas w tworzeniu wzor\u00f3w oraz znajdywaniu ekologicznych rozwi\u0105za\u0144 dla produkt\u00f3w wielorazowego u\u017cytku.\" \/>\n<meta property=\"og:url\" content=\"https:\/\/simpledream.pl\/index.php\/pl\/produkt\/komplet-etui-na-okulary-drzewa\/\" \/>\n<meta property=\"og:site_name\" content=\"Simple Dream\" \/>\n<meta property=\"article:modified_time\" content=\"2025-02-07T14:25:27+00:00\" \/>\n<meta property=\"og:image\" content=\"https:\/\/simpledream.pl\/wp-content\/uploads\/2020\/04\/etui-220.jpg\" \/>\n\t<meta property=\"og:image:width\" content=\"1200\" \/>\n\t<meta property=\"og:image:height\" content=\"1200\" \/>\n\t<meta property=\"og:image:type\" content=\"image\/jpeg\" \/>\n<meta name=\"twitter:card\" content=\"summary_large_image\" \/>\n<meta name=\"twitter:label1\" content=\"Szacowany czas czytania\" \/>\n\t<meta name=\"twitter:data1\" content=\"1 minuta\" \/>\n<script type=\"application\/ld+json\" class=\"yoast-schema-graph\">{\"@context\":\"https:\/\/schema.org\",\"@graph\":[{\"@type\":\"WebPage\",\"@id\":\"https:\/\/simpledream.pl\/index.php\/pl\/produkt\/komplet-etui-na-okulary-drzewa\/\",\"url\":\"https:\/\/simpledream.pl\/index.php\/pl\/produkt\/komplet-etui-na-okulary-drzewa\/\",\"name\":\"Komplet etui na okulary - Drzewa - Simple Dream\",\"isPartOf\":{\"@id\":\"https:\/\/simpledream.pl\/#website\"},\"primaryImageOfPage\":{\"@id\":\"https:\/\/simpledream.pl\/index.php\/pl\/produkt\/komplet-etui-na-okulary-drzewa\/#primaryimage\"},\"image\":{\"@id\":\"https:\/\/simpledream.pl\/index.php\/pl\/produkt\/komplet-etui-na-okulary-drzewa\/#primaryimage\"},\"thumbnailUrl\":\"https:\/\/simpledream.pl\/wp-content\/uploads\/2020\/04\/etui-220.jpg\",\"datePublished\":\"2020-04-22T04:27:02+00:00\",\"dateModified\":\"2025-02-07T14:25:27+00:00\",\"breadcrumb\":{\"@id\":\"https:\/\/simpledream.pl\/index.php\/pl\/produkt\/komplet-etui-na-okulary-drzewa\/#breadcrumb\"},\"inLanguage\":\"pl-PL\",\"potentialAction\":[{\"@type\":\"ReadAction\",\"target\":[\"https:\/\/simpledream.pl\/index.php\/pl\/produkt\/komplet-etui-na-okulary-drzewa\/\"]}]},{\"@type\":\"ImageObject\",\"inLanguage\":\"pl-PL\",\"@id\":\"https:\/\/simpledream.pl\/index.php\/pl\/produkt\/komplet-etui-na-okulary-drzewa\/#primaryimage\",\"url\":\"https:\/\/simpledream.pl\/wp-content\/uploads\/2020\/04\/etui-220.jpg\",\"contentUrl\":\"https:\/\/simpledream.pl\/wp-content\/uploads\/2020\/04\/etui-220.jpg\",\"width\":1200,\"height\":1200,\"caption\":\"Etui na okulary \u2013 unikalny wz\u00f3r Drzewa\"},{\"@type\":\"BreadcrumbList\",\"@id\":\"https:\/\/simpledream.pl\/index.php\/pl\/produkt\/komplet-etui-na-okulary-drzewa\/#breadcrumb\",\"itemListElement\":[{\"@type\":\"ListItem\",\"position\":1,\"name\":\"Strona g\u0142\u00f3wna\",\"item\":\"https:\/\/simpledream.pl\/index.php\/pl\/main-home\/\"},{\"@type\":\"ListItem\",\"position\":2,\"name\":\"Sklep\",\"item\":\"https:\/\/simpledream.pl\/index.php\/pl\/sklep\/\"},{\"@type\":\"ListItem\",\"position\":3,\"name\":\"Komplet etui na okulary &#8211; Drzewa\"}]},{\"@type\":\"WebSite\",\"@id\":\"https:\/\/simpledream.pl\/#website\",\"url\":\"https:\/\/simpledream.pl\/\",\"name\":\"Simple Dream\",\"description\":\"\",\"potentialAction\":[{\"@type\":\"SearchAction\",\"target\":{\"@type\":\"EntryPoint\",\"urlTemplate\":\"https:\/\/simpledream.pl\/?s={search_term_string}\"},\"query-input\":{\"@type\":\"PropertyValueSpecification\",\"valueRequired\":true,\"valueName\":\"search_term_string\"}}],\"inLanguage\":\"pl-PL\"}]}<\/script>\n<!-- \/ Yoast SEO plugin. -->","yoast_head_json":{"title":"Komplet etui na okulary - Drzewa - Simple Dream","robots":{"index":"index","follow":"follow","max-snippet":"max-snippet:-1","max-image-preview":"max-image-preview:large","max-video-preview":"max-video-preview:-1"},"canonical":"https:\/\/simpledream.pl\/index.php\/pl\/produkt\/komplet-etui-na-okulary-drzewa\/","og_locale":"pl_PL","og_type":"article","og_title":"Komplet etui na okulary - Drzewa - Simple Dream","og_description":"Komplet etui na okulary ze \u015bciereczk\u0105 z indywidualnym wzorem zosta\u0142 wyprodukowany w Polsce. Wykonany z mikrofibry. Grafika ukazuje las brzozowy zim\u0105. Natura inspiruje nas w tworzeniu wzor\u00f3w oraz znajdywaniu ekologicznych rozwi\u0105za\u0144 dla produkt\u00f3w wielorazowego u\u017cytku.","og_url":"https:\/\/simpledream.pl\/index.php\/pl\/produkt\/komplet-etui-na-okulary-drzewa\/","og_site_name":"Simple Dream","article_modified_time":"2025-02-07T14:25:27+00:00","og_image":[{"width":1200,"height":1200,"url":"https:\/\/simpledream.pl\/wp-content\/uploads\/2020\/04\/etui-220.jpg","type":"image\/jpeg"}],"twitter_card":"summary_large_image","twitter_misc":{"Szacowany czas czytania":"1 minuta"},"schema":{"@context":"https:\/\/schema.org","@graph":[{"@type":"WebPage","@id":"https:\/\/simpledream.pl\/index.php\/pl\/produkt\/komplet-etui-na-okulary-drzewa\/","url":"https:\/\/simpledream.pl\/index.php\/pl\/produkt\/komplet-etui-na-okulary-drzewa\/","name":"Komplet etui na okulary - Drzewa - Simple Dream","isPartOf":{"@id":"https:\/\/simpledream.pl\/#website"},"primaryImageOfPage":{"@id":"https:\/\/simpledream.pl\/index.php\/pl\/produkt\/komplet-etui-na-okulary-drzewa\/#primaryimage"},"image":{"@id":"https:\/\/simpledream.pl\/index.php\/pl\/produkt\/komplet-etui-na-okulary-drzewa\/#primaryimage"},"thumbnailUrl":"https:\/\/simpledream.pl\/wp-content\/uploads\/2020\/04\/etui-220.jpg","datePublished":"2020-04-22T04:27:02+00:00","dateModified":"2025-02-07T14:25:27+00:00","breadcrumb":{"@id":"https:\/\/simpledream.pl\/index.php\/pl\/produkt\/komplet-etui-na-okulary-drzewa\/#breadcrumb"},"inLanguage":"pl-PL","potentialAction":[{"@type":"ReadAction","target":["https:\/\/simpledream.pl\/index.php\/pl\/produkt\/komplet-etui-na-okulary-drzewa\/"]}]},{"@type":"ImageObject","inLanguage":"pl-PL","@id":"https:\/\/simpledream.pl\/index.php\/pl\/produkt\/komplet-etui-na-okulary-drzewa\/#primaryimage","url":"https:\/\/simpledream.pl\/wp-content\/uploads\/2020\/04\/etui-220.jpg","contentUrl":"https:\/\/simpledream.pl\/wp-content\/uploads\/2020\/04\/etui-220.jpg","width":1200,"height":1200,"caption":"Etui na okulary \u2013 unikalny wz\u00f3r Drzewa"},{"@type":"BreadcrumbList","@id":"https:\/\/simpledream.pl\/index.php\/pl\/produkt\/komplet-etui-na-okulary-drzewa\/#breadcrumb","itemListElement":[{"@type":"ListItem","position":1,"name":"Strona g\u0142\u00f3wna","item":"https:\/\/simpledream.pl\/index.php\/pl\/main-home\/"},{"@type":"ListItem","position":2,"name":"Sklep","item":"https:\/\/simpledream.pl\/index.php\/pl\/sklep\/"},{"@type":"ListItem","position":3,"name":"Komplet etui na okulary &#8211; Drzewa"}]},{"@type":"WebSite","@id":"https:\/\/simpledream.pl\/#website","url":"https:\/\/simpledream.pl\/","name":"Simple Dream","description":"","potentialAction":[{"@type":"SearchAction","target":{"@type":"EntryPoint","urlTemplate":"https:\/\/simpledream.pl\/?s={search_term_string}"},"query-input":{"@type":"PropertyValueSpecification","valueRequired":true,"valueName":"search_term_string"}}],"inLanguage":"pl-PL"}]}},"lang":"pl","translations":{"pl":706,"en":7560},"pll_sync_post":[],"_links":{"self":[{"href":"https:\/\/simpledream.pl\/index.php\/wp-json\/wp\/v2\/product\/706","targetHints":{"allow":["GET"]}}],"collection":[{"href":"https:\/\/simpledream.pl\/index.php\/wp-json\/wp\/v2\/product"}],"about":[{"href":"https:\/\/simpledream.pl\/index.php\/wp-json\/wp\/v2\/types\/product"}],"replies":[{"embeddable":true,"href":"https:\/\/simpledream.pl\/index.php\/wp-json\/wp\/v2\/comments?post=706"}],"version-history":[{"count":11,"href":"https:\/\/simpledream.pl\/index.php\/wp-json\/wp\/v2\/product\/706\/revisions"}],"predecessor-version":[{"id":9769,"href":"https:\/\/simpledream.pl\/index.php\/wp-json\/wp\/v2\/product\/706\/revisions\/9769"}],"wp:featuredmedia":[{"embeddable":true,"href":"https:\/\/simpledream.pl\/index.php\/wp-json\/wp\/v2\/media\/6727"}],"wp:attachment":[{"href":"https:\/\/simpledream.pl\/index.php\/wp-json\/wp\/v2\/media?parent=706"}],"wp:term":[{"taxonomy":"product_cat","embeddable":true,"href":"https:\/\/simpledream.pl\/index.php\/wp-json\/wp\/v2\/product_cat?post=706"},{"taxonomy":"product_tag","embeddable":true,"href":"https:\/\/simpledream.pl\/index.php\/wp-json\/wp\/v2\/product_tag?post=706"}],"curies":[{"name":"wp","href":"https:\/\/api.w.org\/{rel}","templated":true}]}}