{"id":7538,"date":"2022-06-21T06:51:13","date_gmt":"2022-06-21T04:51:13","guid":{"rendered":"https:\/\/simpledream.pl\/?post_type=product&#038;p=7538"},"modified":"2023-12-19T09:24:15","modified_gmt":"2023-12-19T08:24:15","slug":"notebook-in-a-box-lady-in-a-lila-dress","status":"publish","type":"product","link":"https:\/\/simpledream.pl\/index.php\/en\/produkt\/notebook-in-a-box-lady-in-a-lila-dress\/","title":{"rendered":"Notebook in a box &#8211; Lady in a lila dress"},"content":{"rendered":"<p>Notebook in a decorative box with individual pattern, made in Poland. Hand-made product with a magnetic close. Notebook in A5 format. The painting \u201cLady in a lila dress\u201d was made by W\u0142adys\u0142aw Czach\u00f3rski in 1903. It belongs to the collection of the National Museum in Warsaw.<\/p>\n<p dir=\"ltr\" data-placeholder=\"T\u0142umaczenie\">Notebook in A5 format, 192 sheets, hard sponge cover. On the back, on the cover, there is a description in Polish and English related to the pattern. An exclusive box made by hand from colored cardboard.<\/p>\n<p dir=\"ltr\" data-placeholder=\"T\u0142umaczenie\">The perfect 2-in-1 set for writing, sketching, and taking notes. For women, men and children for all occasions. The box can be used as a decoration in a living space. Due to the magnetic closure, it does not open automatically under the influence of movement. It is suitable for storing treasures, knick-knacks and the most necessary things. Thanks to its application and high-quality finish, it is an exclusive set that will satisfy the tastes of the most demanding recipients.<\/p>\n<p>The painting shows a lady sitting comfortably in the living room in an armchair, surrounded by floral arrangements. The image stimulates the senses, and creates an illusion of touch by a shininess of a satin dress and the softness of velvet. It attracts the viewer\u2019s eyes through the intricately recreated lace patterns of the main character\u2019s dress, vase details, floral arrangements and room decor.<\/p>\n","protected":false},"excerpt":{"rendered":"<p><span class=\"Y2IQFc\" lang=\"en\">Notebook in a decorative box with individual pattern, made in Poland. Hand-made product with a magnetic close. Notebook in A5 format.<\/span> <span class=\"Y2IQFc\" lang=\"en\">The painting \u201cLady in a lila dress\u201d was made by W\u0142adys\u0142aw Czach\u00f3rski in 1903. It belongs to the collection of the National Museum in Warsaw.<\/span><\/p>\n","protected":false},"featured_media":7025,"comment_status":"closed","ping_status":"closed","template":"","meta":[],"product_cat":[892,431,920,912,423,902,886,429,916,413,910,888,256,922,906],"product_tag":[964,960,962,958,934,930,976,926,974,940,1000],"class_list":{"0":"post-7538","1":"product","2":"type-product","3":"status-publish","4":"has-post-thumbnail","6":"product_cat-50-pln-100-pln","7":"product_cat-art","8":"product_cat-birthday-names-day","9":"product_cat-christmas","10":"product_cat-collections","11":"product_cat-for-whom","12":"product_cat-gifts","13":"product_cat-history","14":"product_cat-mothers-day","15":"product_cat-notebook","16":"product_cat-occasion","17":"product_cat-price","18":"product_cat-uncategorized-en","19":"product_cat-valentines-day","20":"product_cat-woman","21":"product_tag-for-notes","22":"product_tag-for-painting","23":"product_tag-for-sketching","24":"product_tag-for-writing","25":"product_tag-gift-idea","26":"product_tag-hand-made","27":"product_tag-national-museum-in-warsaw","28":"product_tag-notebook","29":"product_tag-notebook-in-a-decorative-box","30":"product_tag-painting","31":"product_tag-wladyslaw-czachorski","33":"first","34":"instock","35":"shipping-taxable","36":"purchasable","37":"product-type-simple"},"yoast_head":"<!-- This site is optimized with the Yoast SEO plugin v23.9 - https:\/\/yoast.com\/wordpress\/plugins\/seo\/ -->\n<title>Notebook in a box - Lady in a lila dress - Simple Dream<\/title>\n<meta name=\"robots\" content=\"index, follow, max-snippet:-1, max-image-preview:large, max-video-preview:-1\" \/>\n<link rel=\"canonical\" href=\"https:\/\/simpledream.pl\/index.php\/en\/produkt\/notebook-in-a-box-lady-in-a-lila-dress\/\" \/>\n<meta property=\"og:locale\" content=\"pl_PL\" \/>\n<meta property=\"og:type\" content=\"article\" \/>\n<meta property=\"og:title\" content=\"Notebook in a box - Lady in a lila dress - Simple Dream\" \/>\n<meta property=\"og:description\" content=\"Notebook in a decorative box with individual pattern, made in Poland. Hand-made product with a magnetic close. Notebook in A5 format. The painting \u201cLady in a lila dress\u201d was made by W\u0142adys\u0142aw Czach\u00f3rski in 1903. It belongs to the collection of the National Museum in Warsaw.\" \/>\n<meta property=\"og:url\" content=\"https:\/\/simpledream.pl\/index.php\/en\/produkt\/notebook-in-a-box-lady-in-a-lila-dress\/\" \/>\n<meta property=\"og:site_name\" content=\"Simple Dream\" \/>\n<meta property=\"article:modified_time\" content=\"2023-12-19T08:24:15+00:00\" \/>\n<meta property=\"og:image\" content=\"https:\/\/simpledream.pl\/wp-content\/uploads\/2020\/04\/BRULIONY-ostatnia-sesja19.jpg\" \/>\n\t<meta property=\"og:image:width\" content=\"1200\" \/>\n\t<meta property=\"og:image:height\" content=\"1200\" \/>\n\t<meta property=\"og:image:type\" content=\"image\/jpeg\" \/>\n<meta name=\"twitter:card\" content=\"summary_large_image\" \/>\n<meta name=\"twitter:label1\" content=\"Szacowany czas czytania\" \/>\n\t<meta name=\"twitter:data1\" content=\"1 minuta\" \/>\n<script type=\"application\/ld+json\" class=\"yoast-schema-graph\">{\"@context\":\"https:\/\/schema.org\",\"@graph\":[{\"@type\":\"WebPage\",\"@id\":\"https:\/\/simpledream.pl\/index.php\/en\/produkt\/notebook-in-a-box-lady-in-a-lila-dress\/\",\"url\":\"https:\/\/simpledream.pl\/index.php\/en\/produkt\/notebook-in-a-box-lady-in-a-lila-dress\/\",\"name\":\"Notebook in a box - Lady in a lila dress - Simple Dream\",\"isPartOf\":{\"@id\":\"https:\/\/simpledream.pl\/#website\"},\"primaryImageOfPage\":{\"@id\":\"https:\/\/simpledream.pl\/index.php\/en\/produkt\/notebook-in-a-box-lady-in-a-lila-dress\/#primaryimage\"},\"image\":{\"@id\":\"https:\/\/simpledream.pl\/index.php\/en\/produkt\/notebook-in-a-box-lady-in-a-lila-dress\/#primaryimage\"},\"thumbnailUrl\":\"https:\/\/simpledream.pl\/wp-content\/uploads\/2020\/04\/BRULIONY-ostatnia-sesja19.jpg\",\"datePublished\":\"2022-06-21T04:51:13+00:00\",\"dateModified\":\"2023-12-19T08:24:15+00:00\",\"breadcrumb\":{\"@id\":\"https:\/\/simpledream.pl\/index.php\/en\/produkt\/notebook-in-a-box-lady-in-a-lila-dress\/#breadcrumb\"},\"inLanguage\":\"pl-PL\",\"potentialAction\":[{\"@type\":\"ReadAction\",\"target\":[\"https:\/\/simpledream.pl\/index.php\/en\/produkt\/notebook-in-a-box-lady-in-a-lila-dress\/\"]}]},{\"@type\":\"ImageObject\",\"inLanguage\":\"pl-PL\",\"@id\":\"https:\/\/simpledream.pl\/index.php\/en\/produkt\/notebook-in-a-box-lady-in-a-lila-dress\/#primaryimage\",\"url\":\"https:\/\/simpledream.pl\/wp-content\/uploads\/2020\/04\/BRULIONY-ostatnia-sesja19.jpg\",\"contentUrl\":\"https:\/\/simpledream.pl\/wp-content\/uploads\/2020\/04\/BRULIONY-ostatnia-sesja19.jpg\",\"width\":1200,\"height\":1200,\"caption\":\"Notes w pude\u0142ku \u2013 artystyczny wz\u00f3r\"},{\"@type\":\"BreadcrumbList\",\"@id\":\"https:\/\/simpledream.pl\/index.php\/en\/produkt\/notebook-in-a-box-lady-in-a-lila-dress\/#breadcrumb\",\"itemListElement\":[{\"@type\":\"ListItem\",\"position\":1,\"name\":\"Strona g\u0142\u00f3wna\",\"item\":\"https:\/\/simpledream.pl\/index.php\/pl\/main-home\/\"},{\"@type\":\"ListItem\",\"position\":2,\"name\":\"Sklep\",\"item\":\"https:\/\/simpledream.pl\/index.php\/pl\/sklep\/\"},{\"@type\":\"ListItem\",\"position\":3,\"name\":\"Notebook in a box &#8211; Lady in a lila dress\"}]},{\"@type\":\"WebSite\",\"@id\":\"https:\/\/simpledream.pl\/#website\",\"url\":\"https:\/\/simpledream.pl\/\",\"name\":\"Simple Dream\",\"description\":\"\",\"potentialAction\":[{\"@type\":\"SearchAction\",\"target\":{\"@type\":\"EntryPoint\",\"urlTemplate\":\"https:\/\/simpledream.pl\/?s={search_term_string}\"},\"query-input\":{\"@type\":\"PropertyValueSpecification\",\"valueRequired\":true,\"valueName\":\"search_term_string\"}}],\"inLanguage\":\"pl-PL\"}]}<\/script>\n<!-- \/ Yoast SEO plugin. -->","yoast_head_json":{"title":"Notebook in a box - Lady in a lila dress - Simple Dream","robots":{"index":"index","follow":"follow","max-snippet":"max-snippet:-1","max-image-preview":"max-image-preview:large","max-video-preview":"max-video-preview:-1"},"canonical":"https:\/\/simpledream.pl\/index.php\/en\/produkt\/notebook-in-a-box-lady-in-a-lila-dress\/","og_locale":"pl_PL","og_type":"article","og_title":"Notebook in a box - Lady in a lila dress - Simple Dream","og_description":"Notebook in a decorative box with individual pattern, made in Poland. Hand-made product with a magnetic close. Notebook in A5 format. The painting \u201cLady in a lila dress\u201d was made by W\u0142adys\u0142aw Czach\u00f3rski in 1903. It belongs to the collection of the National Museum in Warsaw.","og_url":"https:\/\/simpledream.pl\/index.php\/en\/produkt\/notebook-in-a-box-lady-in-a-lila-dress\/","og_site_name":"Simple Dream","article_modified_time":"2023-12-19T08:24:15+00:00","og_image":[{"width":1200,"height":1200,"url":"https:\/\/simpledream.pl\/wp-content\/uploads\/2020\/04\/BRULIONY-ostatnia-sesja19.jpg","type":"image\/jpeg"}],"twitter_card":"summary_large_image","twitter_misc":{"Szacowany czas czytania":"1 minuta"},"schema":{"@context":"https:\/\/schema.org","@graph":[{"@type":"WebPage","@id":"https:\/\/simpledream.pl\/index.php\/en\/produkt\/notebook-in-a-box-lady-in-a-lila-dress\/","url":"https:\/\/simpledream.pl\/index.php\/en\/produkt\/notebook-in-a-box-lady-in-a-lila-dress\/","name":"Notebook in a box - Lady in a lila dress - Simple Dream","isPartOf":{"@id":"https:\/\/simpledream.pl\/#website"},"primaryImageOfPage":{"@id":"https:\/\/simpledream.pl\/index.php\/en\/produkt\/notebook-in-a-box-lady-in-a-lila-dress\/#primaryimage"},"image":{"@id":"https:\/\/simpledream.pl\/index.php\/en\/produkt\/notebook-in-a-box-lady-in-a-lila-dress\/#primaryimage"},"thumbnailUrl":"https:\/\/simpledream.pl\/wp-content\/uploads\/2020\/04\/BRULIONY-ostatnia-sesja19.jpg","datePublished":"2022-06-21T04:51:13+00:00","dateModified":"2023-12-19T08:24:15+00:00","breadcrumb":{"@id":"https:\/\/simpledream.pl\/index.php\/en\/produkt\/notebook-in-a-box-lady-in-a-lila-dress\/#breadcrumb"},"inLanguage":"pl-PL","potentialAction":[{"@type":"ReadAction","target":["https:\/\/simpledream.pl\/index.php\/en\/produkt\/notebook-in-a-box-lady-in-a-lila-dress\/"]}]},{"@type":"ImageObject","inLanguage":"pl-PL","@id":"https:\/\/simpledream.pl\/index.php\/en\/produkt\/notebook-in-a-box-lady-in-a-lila-dress\/#primaryimage","url":"https:\/\/simpledream.pl\/wp-content\/uploads\/2020\/04\/BRULIONY-ostatnia-sesja19.jpg","contentUrl":"https:\/\/simpledream.pl\/wp-content\/uploads\/2020\/04\/BRULIONY-ostatnia-sesja19.jpg","width":1200,"height":1200,"caption":"Notes w pude\u0142ku \u2013 artystyczny wz\u00f3r"},{"@type":"BreadcrumbList","@id":"https:\/\/simpledream.pl\/index.php\/en\/produkt\/notebook-in-a-box-lady-in-a-lila-dress\/#breadcrumb","itemListElement":[{"@type":"ListItem","position":1,"name":"Strona g\u0142\u00f3wna","item":"https:\/\/simpledream.pl\/index.php\/pl\/main-home\/"},{"@type":"ListItem","position":2,"name":"Sklep","item":"https:\/\/simpledream.pl\/index.php\/pl\/sklep\/"},{"@type":"ListItem","position":3,"name":"Notebook in a box &#8211; Lady in a lila dress"}]},{"@type":"WebSite","@id":"https:\/\/simpledream.pl\/#website","url":"https:\/\/simpledream.pl\/","name":"Simple Dream","description":"","potentialAction":[{"@type":"SearchAction","target":{"@type":"EntryPoint","urlTemplate":"https:\/\/simpledream.pl\/?s={search_term_string}"},"query-input":{"@type":"PropertyValueSpecification","valueRequired":true,"valueName":"search_term_string"}}],"inLanguage":"pl-PL"}]}},"lang":"en","translations":{"en":7538,"pl":731},"pll_sync_post":[],"_links":{"self":[{"href":"https:\/\/simpledream.pl\/index.php\/wp-json\/wp\/v2\/product\/7538","targetHints":{"allow":["GET"]}}],"collection":[{"href":"https:\/\/simpledream.pl\/index.php\/wp-json\/wp\/v2\/product"}],"about":[{"href":"https:\/\/simpledream.pl\/index.php\/wp-json\/wp\/v2\/types\/product"}],"replies":[{"embeddable":true,"href":"https:\/\/simpledream.pl\/index.php\/wp-json\/wp\/v2\/comments?post=7538"}],"version-history":[{"count":5,"href":"https:\/\/simpledream.pl\/index.php\/wp-json\/wp\/v2\/product\/7538\/revisions"}],"predecessor-version":[{"id":8222,"href":"https:\/\/simpledream.pl\/index.php\/wp-json\/wp\/v2\/product\/7538\/revisions\/8222"}],"wp:featuredmedia":[{"embeddable":true,"href":"https:\/\/simpledream.pl\/index.php\/wp-json\/wp\/v2\/media\/7025"}],"wp:attachment":[{"href":"https:\/\/simpledream.pl\/index.php\/wp-json\/wp\/v2\/media?parent=7538"}],"wp:term":[{"taxonomy":"product_cat","embeddable":true,"href":"https:\/\/simpledream.pl\/index.php\/wp-json\/wp\/v2\/product_cat?post=7538"},{"taxonomy":"product_tag","embeddable":true,"href":"https:\/\/simpledream.pl\/index.php\/wp-json\/wp\/v2\/product_tag?post=7538"}],"curies":[{"name":"wp","href":"https:\/\/api.w.org\/{rel}","templated":true}]}}