{"id":7548,"date":"2022-06-21T06:54:40","date_gmt":"2022-06-21T04:54:40","guid":{"rendered":"https:\/\/simpledream.pl\/?post_type=product&#038;p=7548"},"modified":"2023-12-19T09:23:41","modified_gmt":"2023-12-19T08:23:41","slug":"multibandana-wilanow-pattern","status":"publish","type":"product","link":"https:\/\/simpledream.pl\/index.php\/en\/produkt\/multibandana-wilanow-pattern\/","title":{"rendered":"Multibandana &#8211; Wilan\u00f3w pattern"},"content":{"rendered":"<p>Multibandana with an individual pattern, sewn in a Polish sewing company. Made of flexible material, that will work when donning.<\/p>\n<p>It is made of 100% polyester microfiber with Oeko-Tex certificate. It is a certificate awarded by the International Textile Ecology Research and Testing Association.<\/p>\n<p>Size: 50 x 25 cm (+\/- 5%)<\/p>\n<p>Material weight: 150 g<\/p>\n<p>You can use it as: a neck scarf, a headband or a hair band, a hat &#8211; hood, a mask covering the mouth and nose, and as a wristband. It is an ideal solution for various weather conditions, as it will protect against sun, wind and frost. It is suitable as a gift for active sports one, children of all ages and people who want to decorate their outfit with accessories. For mum, dad, daughter, son and friend.<\/p>\n<p>The heritage of Polish folk art gathers primarily regional embroidery.The Wilan\u00f3w pattern was created in the area of western Mazovia \u2013 the left bank of the Vistula. Now, most of the region is the administrative area of Warsaw, which includes: Wilan\u00f3w, Powsin, Ujazd\u00f3w and S\u0142u\u017cew. Usually, the Wilan\u00f3w pattern includes symmetrically arranged, black flowers. The main background color is white. The first embroidery appeared before the First World War. They belong to the collection of the ethnographic Museum in Warsaw and the Museum in St. Petersburg.<\/p>\n","protected":false},"excerpt":{"rendered":"<p>Multibandana with an individual pattern, sewn in a Polish sewing company. Made of flexible material, that will work when donning. The heritage of Polish folk art is based on regional embroidery. Elegant, black and white Wilan\u00f3w embroidery rightly evokes the palace atmosphere of King Sobieski\u2019s court in Warsaw\u2019s Wilan\u00f3w.<\/p>\n","protected":false},"featured_media":6749,"comment_status":"closed","ping_status":"closed","template":"","meta":[],"product_cat":[920,912,423,918,425,902,886,904,914,890,908,916,407,910,888,421,256,906],"product_tag":[1036,994,1136,1142,662,1026,986,1024,1034,643,1032,1030,584,1028],"class_list":{"0":"post-7548","1":"product","2":"type-product","3":"status-publish","4":"has-post-thumbnail","6":"product_cat-birthday-names-day","7":"product_cat-christmas","8":"product_cat-collections","9":"product_cat-fathers-day","10":"product_cat-folklore-en","11":"product_cat-for-whom","12":"product_cat-gifts","13":"product_cat-kid","14":"product_cat-kids-day","15":"product_cat-less-than-50-pln","16":"product_cat-man","17":"product_cat-mothers-day","18":"product_cat-multibandana","19":"product_cat-occasion","20":"product_cat-price","21":"product_cat-sale-en","22":"product_cat-uncategorized-en","23":"product_cat-woman","24":"product_tag-flowers","25":"product_tag-folk","26":"product_tag-folklore","27":"product_tag-haft","28":"product_tag-material-en","29":"product_tag-multibandana","30":"product_tag-pattern","31":"product_tag-polish-folk","32":"product_tag-protection","33":"product_tag-sport-en","34":"product_tag-sun","35":"product_tag-trips","36":"product_tag-wilanow-en","37":"product_tag-winter","39":"first","40":"instock","41":"sale","42":"shipping-taxable","43":"purchasable","44":"product-type-simple"},"yoast_head":"<!-- This site is optimized with the Yoast SEO plugin v23.9 - https:\/\/yoast.com\/wordpress\/plugins\/seo\/ -->\n<title>Multibandana - Wilan\u00f3w pattern - Simple Dream<\/title>\n<meta name=\"robots\" content=\"index, follow, max-snippet:-1, max-image-preview:large, max-video-preview:-1\" \/>\n<link rel=\"canonical\" href=\"https:\/\/simpledream.pl\/index.php\/en\/produkt\/multibandana-wilanow-pattern\/\" \/>\n<meta property=\"og:locale\" content=\"pl_PL\" \/>\n<meta property=\"og:type\" content=\"article\" \/>\n<meta property=\"og:title\" content=\"Multibandana - Wilan\u00f3w pattern - Simple Dream\" \/>\n<meta property=\"og:description\" content=\"Multibandana with an individual pattern, sewn in a Polish sewing company. Made of flexible material, that will work when donning. The heritage of Polish folk art is based on regional embroidery. Elegant, black and white Wilan\u00f3w embroidery rightly evokes the palace atmosphere of King Sobieski\u2019s court in Warsaw\u2019s Wilan\u00f3w.\" \/>\n<meta property=\"og:url\" content=\"https:\/\/simpledream.pl\/index.php\/en\/produkt\/multibandana-wilanow-pattern\/\" \/>\n<meta property=\"og:site_name\" content=\"Simple Dream\" \/>\n<meta property=\"article:modified_time\" content=\"2023-12-19T08:23:41+00:00\" \/>\n<meta property=\"og:image\" content=\"https:\/\/simpledream.pl\/wp-content\/uploads\/2020\/04\/KOMINY-wilanowski.jpg\" \/>\n\t<meta property=\"og:image:width\" content=\"1200\" \/>\n\t<meta property=\"og:image:height\" content=\"1200\" \/>\n\t<meta property=\"og:image:type\" content=\"image\/jpeg\" \/>\n<meta name=\"twitter:card\" content=\"summary_large_image\" \/>\n<meta name=\"twitter:label1\" content=\"Szacowany czas czytania\" \/>\n\t<meta name=\"twitter:data1\" content=\"1 minuta\" \/>\n<script type=\"application\/ld+json\" class=\"yoast-schema-graph\">{\"@context\":\"https:\/\/schema.org\",\"@graph\":[{\"@type\":\"WebPage\",\"@id\":\"https:\/\/simpledream.pl\/index.php\/en\/produkt\/multibandana-wilanow-pattern\/\",\"url\":\"https:\/\/simpledream.pl\/index.php\/en\/produkt\/multibandana-wilanow-pattern\/\",\"name\":\"Multibandana - Wilan\u00f3w pattern - Simple Dream\",\"isPartOf\":{\"@id\":\"https:\/\/simpledream.pl\/#website\"},\"primaryImageOfPage\":{\"@id\":\"https:\/\/simpledream.pl\/index.php\/en\/produkt\/multibandana-wilanow-pattern\/#primaryimage\"},\"image\":{\"@id\":\"https:\/\/simpledream.pl\/index.php\/en\/produkt\/multibandana-wilanow-pattern\/#primaryimage\"},\"thumbnailUrl\":\"https:\/\/simpledream.pl\/wp-content\/uploads\/2020\/04\/KOMINY-wilanowski.jpg\",\"datePublished\":\"2022-06-21T04:54:40+00:00\",\"dateModified\":\"2023-12-19T08:23:41+00:00\",\"breadcrumb\":{\"@id\":\"https:\/\/simpledream.pl\/index.php\/en\/produkt\/multibandana-wilanow-pattern\/#breadcrumb\"},\"inLanguage\":\"pl-PL\",\"potentialAction\":[{\"@type\":\"ReadAction\",\"target\":[\"https:\/\/simpledream.pl\/index.php\/en\/produkt\/multibandana-wilanow-pattern\/\"]}]},{\"@type\":\"ImageObject\",\"inLanguage\":\"pl-PL\",\"@id\":\"https:\/\/simpledream.pl\/index.php\/en\/produkt\/multibandana-wilanow-pattern\/#primaryimage\",\"url\":\"https:\/\/simpledream.pl\/wp-content\/uploads\/2020\/04\/KOMINY-wilanowski.jpg\",\"contentUrl\":\"https:\/\/simpledream.pl\/wp-content\/uploads\/2020\/04\/KOMINY-wilanowski.jpg\",\"width\":1200,\"height\":1200,\"caption\":\"Bandana \u2013 haft regionalny\"},{\"@type\":\"BreadcrumbList\",\"@id\":\"https:\/\/simpledream.pl\/index.php\/en\/produkt\/multibandana-wilanow-pattern\/#breadcrumb\",\"itemListElement\":[{\"@type\":\"ListItem\",\"position\":1,\"name\":\"Strona g\u0142\u00f3wna\",\"item\":\"https:\/\/simpledream.pl\/index.php\/pl\/main-home\/\"},{\"@type\":\"ListItem\",\"position\":2,\"name\":\"Sklep\",\"item\":\"https:\/\/simpledream.pl\/index.php\/pl\/sklep\/\"},{\"@type\":\"ListItem\",\"position\":3,\"name\":\"Multibandana &#8211; Wilan\u00f3w pattern\"}]},{\"@type\":\"WebSite\",\"@id\":\"https:\/\/simpledream.pl\/#website\",\"url\":\"https:\/\/simpledream.pl\/\",\"name\":\"Simple Dream\",\"description\":\"\",\"potentialAction\":[{\"@type\":\"SearchAction\",\"target\":{\"@type\":\"EntryPoint\",\"urlTemplate\":\"https:\/\/simpledream.pl\/?s={search_term_string}\"},\"query-input\":{\"@type\":\"PropertyValueSpecification\",\"valueRequired\":true,\"valueName\":\"search_term_string\"}}],\"inLanguage\":\"pl-PL\"}]}<\/script>\n<!-- \/ Yoast SEO plugin. -->","yoast_head_json":{"title":"Multibandana - Wilan\u00f3w pattern - Simple Dream","robots":{"index":"index","follow":"follow","max-snippet":"max-snippet:-1","max-image-preview":"max-image-preview:large","max-video-preview":"max-video-preview:-1"},"canonical":"https:\/\/simpledream.pl\/index.php\/en\/produkt\/multibandana-wilanow-pattern\/","og_locale":"pl_PL","og_type":"article","og_title":"Multibandana - Wilan\u00f3w pattern - Simple Dream","og_description":"Multibandana with an individual pattern, sewn in a Polish sewing company. Made of flexible material, that will work when donning. The heritage of Polish folk art is based on regional embroidery. Elegant, black and white Wilan\u00f3w embroidery rightly evokes the palace atmosphere of King Sobieski\u2019s court in Warsaw\u2019s Wilan\u00f3w.","og_url":"https:\/\/simpledream.pl\/index.php\/en\/produkt\/multibandana-wilanow-pattern\/","og_site_name":"Simple Dream","article_modified_time":"2023-12-19T08:23:41+00:00","og_image":[{"width":1200,"height":1200,"url":"https:\/\/simpledream.pl\/wp-content\/uploads\/2020\/04\/KOMINY-wilanowski.jpg","type":"image\/jpeg"}],"twitter_card":"summary_large_image","twitter_misc":{"Szacowany czas czytania":"1 minuta"},"schema":{"@context":"https:\/\/schema.org","@graph":[{"@type":"WebPage","@id":"https:\/\/simpledream.pl\/index.php\/en\/produkt\/multibandana-wilanow-pattern\/","url":"https:\/\/simpledream.pl\/index.php\/en\/produkt\/multibandana-wilanow-pattern\/","name":"Multibandana - Wilan\u00f3w pattern - Simple Dream","isPartOf":{"@id":"https:\/\/simpledream.pl\/#website"},"primaryImageOfPage":{"@id":"https:\/\/simpledream.pl\/index.php\/en\/produkt\/multibandana-wilanow-pattern\/#primaryimage"},"image":{"@id":"https:\/\/simpledream.pl\/index.php\/en\/produkt\/multibandana-wilanow-pattern\/#primaryimage"},"thumbnailUrl":"https:\/\/simpledream.pl\/wp-content\/uploads\/2020\/04\/KOMINY-wilanowski.jpg","datePublished":"2022-06-21T04:54:40+00:00","dateModified":"2023-12-19T08:23:41+00:00","breadcrumb":{"@id":"https:\/\/simpledream.pl\/index.php\/en\/produkt\/multibandana-wilanow-pattern\/#breadcrumb"},"inLanguage":"pl-PL","potentialAction":[{"@type":"ReadAction","target":["https:\/\/simpledream.pl\/index.php\/en\/produkt\/multibandana-wilanow-pattern\/"]}]},{"@type":"ImageObject","inLanguage":"pl-PL","@id":"https:\/\/simpledream.pl\/index.php\/en\/produkt\/multibandana-wilanow-pattern\/#primaryimage","url":"https:\/\/simpledream.pl\/wp-content\/uploads\/2020\/04\/KOMINY-wilanowski.jpg","contentUrl":"https:\/\/simpledream.pl\/wp-content\/uploads\/2020\/04\/KOMINY-wilanowski.jpg","width":1200,"height":1200,"caption":"Bandana \u2013 haft regionalny"},{"@type":"BreadcrumbList","@id":"https:\/\/simpledream.pl\/index.php\/en\/produkt\/multibandana-wilanow-pattern\/#breadcrumb","itemListElement":[{"@type":"ListItem","position":1,"name":"Strona g\u0142\u00f3wna","item":"https:\/\/simpledream.pl\/index.php\/pl\/main-home\/"},{"@type":"ListItem","position":2,"name":"Sklep","item":"https:\/\/simpledream.pl\/index.php\/pl\/sklep\/"},{"@type":"ListItem","position":3,"name":"Multibandana &#8211; Wilan\u00f3w pattern"}]},{"@type":"WebSite","@id":"https:\/\/simpledream.pl\/#website","url":"https:\/\/simpledream.pl\/","name":"Simple Dream","description":"","potentialAction":[{"@type":"SearchAction","target":{"@type":"EntryPoint","urlTemplate":"https:\/\/simpledream.pl\/?s={search_term_string}"},"query-input":{"@type":"PropertyValueSpecification","valueRequired":true,"valueName":"search_term_string"}}],"inLanguage":"pl-PL"}]}},"lang":"en","translations":{"en":7548,"pl":725},"pll_sync_post":[],"_links":{"self":[{"href":"https:\/\/simpledream.pl\/index.php\/wp-json\/wp\/v2\/product\/7548","targetHints":{"allow":["GET"]}}],"collection":[{"href":"https:\/\/simpledream.pl\/index.php\/wp-json\/wp\/v2\/product"}],"about":[{"href":"https:\/\/simpledream.pl\/index.php\/wp-json\/wp\/v2\/types\/product"}],"replies":[{"embeddable":true,"href":"https:\/\/simpledream.pl\/index.php\/wp-json\/wp\/v2\/comments?post=7548"}],"version-history":[{"count":5,"href":"https:\/\/simpledream.pl\/index.php\/wp-json\/wp\/v2\/product\/7548\/revisions"}],"predecessor-version":[{"id":8242,"href":"https:\/\/simpledream.pl\/index.php\/wp-json\/wp\/v2\/product\/7548\/revisions\/8242"}],"wp:featuredmedia":[{"embeddable":true,"href":"https:\/\/simpledream.pl\/index.php\/wp-json\/wp\/v2\/media\/6749"}],"wp:attachment":[{"href":"https:\/\/simpledream.pl\/index.php\/wp-json\/wp\/v2\/media?parent=7548"}],"wp:term":[{"taxonomy":"product_cat","embeddable":true,"href":"https:\/\/simpledream.pl\/index.php\/wp-json\/wp\/v2\/product_cat?post=7548"},{"taxonomy":"product_tag","embeddable":true,"href":"https:\/\/simpledream.pl\/index.php\/wp-json\/wp\/v2\/product_tag?post=7548"}],"curies":[{"name":"wp","href":"https:\/\/api.w.org\/{rel}","templated":true}]}}