{"id":8429,"date":"2022-09-20T19:39:05","date_gmt":"2022-09-20T17:39:05","guid":{"rendered":"https:\/\/simpledream.pl\/?post_type=product&#038;p=8429"},"modified":"2023-12-19T09:10:34","modified_gmt":"2023-12-19T08:10:34","slug":"bag-3-in-1-zamosc","status":"publish","type":"product","link":"https:\/\/simpledream.pl\/index.php\/en\/produkt\/bag-3-in-1-zamosc\/","title":{"rendered":"Bag 3 in 1 &#8211; Zamo\u015b\u0107"},"content":{"rendered":"<p>3 in 1 bag sew in a Polish company made of nylon and codura. Inside, there are pockets for various small items, and a hidden pocket for keys. Our bag is a solution for different situations during the day.<\/p>\n<p>Depending on your needs, it can be used as a shoulder bag, a bag over the shoulder or a backpack. In the set you will get two additional straps that can be attached. Both are adjustable to the length that suits you.<\/p>\n<p>Height: 43 cm<\/p>\n<p>Width: 38 cm<\/p>\n<p>Bottom depth: 8 cm<\/p>\n<p>Additional elements:<\/p>\n<p>\u2013 non-separable ankle zipper<br \/>\n\u2013 4 cm cotton tape<\/p>\n<p>Outer material: nylon; high water resistance<\/p>\n<p>Inner material: nylon; medium water resistance<\/p>\n<p>The heritage of Polish folk art gathers primarily regional embroidery.The Zamo\u015b\u0107 pattern was mostly based on the bodice of velvet. Embroidered in multicoloured cotton thread in flat, back and herringbone stitches. Trimmed with silk tape. Made in early 20th centure in Chocho\u0142\u00f3w in Zamo\u015b\u0107 province. Pattern belongs to the collection of the Ethnographic Museum in Warsaw.<\/p>\n","protected":false},"excerpt":{"rendered":"<p>3 in 1 bag made in a Polish sewing room company of nylon and codura. Inside, there are pockets for various small items, and a hidden pocket for keys. The heritage of Polish folk art is based on regional embroidery. The red and black embroidery in Zamo\u015b\u0107 touches the heart with its minimalism, reminiscent of the beginnings of the era of computer graphics.<\/p>\n","protected":false},"featured_media":8418,"comment_status":"open","ping_status":"closed","template":"","meta":[],"product_cat":[896,419,920,912,423,425,902,886,904,914,916,910,888,421,256,922,906],"product_tag":[1124,1055,1085,1073,972,1036,1053,934,932,1083,1024,1079,998],"class_list":{"0":"post-8429","1":"product","2":"type-product","3":"status-publish","4":"has-post-thumbnail","6":"product_cat-200-pln-300-pln","7":"product_cat-bag","8":"product_cat-birthday-names-day","9":"product_cat-christmas","10":"product_cat-collections","11":"product_cat-folklore-en","12":"product_cat-for-whom","13":"product_cat-gifts","14":"product_cat-kid","15":"product_cat-kids-day","16":"product_cat-mothers-day","17":"product_cat-occasion","18":"product_cat-price","19":"product_cat-sale-en","20":"product_cat-uncategorized-en","21":"product_cat-valentines-day","22":"product_cat-woman","23":"product_tag-3w1","24":"product_tag-art","25":"product_tag-backpack","26":"product_tag-bag","27":"product_tag-embroidery","28":"product_tag-flowers","29":"product_tag-for-her","30":"product_tag-gift-idea","31":"product_tag-made-in-poland","32":"product_tag-nylon","33":"product_tag-polish-folk","34":"product_tag-rucksack","35":"product_tag-zamosc","37":"first","38":"instock","39":"sale","40":"shipping-taxable","41":"purchasable","42":"product-type-simple"},"yoast_head":"<!-- This site is optimized with the Yoast SEO plugin v23.9 - https:\/\/yoast.com\/wordpress\/plugins\/seo\/ -->\n<title>Bag 3 in 1 - Zamo\u015b\u0107 - Simple Dream<\/title>\n<meta name=\"robots\" content=\"index, follow, max-snippet:-1, max-image-preview:large, max-video-preview:-1\" \/>\n<link rel=\"canonical\" href=\"https:\/\/simpledream.pl\/index.php\/en\/produkt\/bag-3-in-1-zamosc\/\" \/>\n<meta property=\"og:locale\" content=\"pl_PL\" \/>\n<meta property=\"og:type\" content=\"article\" \/>\n<meta property=\"og:title\" content=\"Bag 3 in 1 - Zamo\u015b\u0107 - Simple Dream\" \/>\n<meta property=\"og:description\" content=\"3 in 1 bag made in a Polish sewing room company of nylon and codura. Inside, there are pockets for various small items, and a hidden pocket for keys. The heritage of Polish folk art is based on regional embroidery. The red and black embroidery in Zamo\u015b\u0107 touches the heart with its minimalism, reminiscent of the beginnings of the era of computer graphics.\" \/>\n<meta property=\"og:url\" content=\"https:\/\/simpledream.pl\/index.php\/en\/produkt\/bag-3-in-1-zamosc\/\" \/>\n<meta property=\"og:site_name\" content=\"Simple Dream\" \/>\n<meta property=\"article:modified_time\" content=\"2023-12-19T08:10:34+00:00\" \/>\n<meta property=\"og:image\" content=\"https:\/\/simpledream.pl\/wp-content\/uploads\/2022\/09\/Finlandia-202277.jpg\" \/>\n\t<meta property=\"og:image:width\" content=\"1200\" \/>\n\t<meta property=\"og:image:height\" content=\"1200\" \/>\n\t<meta property=\"og:image:type\" content=\"image\/jpeg\" \/>\n<meta name=\"twitter:card\" content=\"summary_large_image\" \/>\n<meta name=\"twitter:label1\" content=\"Szacowany czas czytania\" \/>\n\t<meta name=\"twitter:data1\" content=\"1 minuta\" \/>\n<script type=\"application\/ld+json\" class=\"yoast-schema-graph\">{\"@context\":\"https:\/\/schema.org\",\"@graph\":[{\"@type\":\"WebPage\",\"@id\":\"https:\/\/simpledream.pl\/index.php\/en\/produkt\/bag-3-in-1-zamosc\/\",\"url\":\"https:\/\/simpledream.pl\/index.php\/en\/produkt\/bag-3-in-1-zamosc\/\",\"name\":\"Bag 3 in 1 - Zamo\u015b\u0107 - Simple Dream\",\"isPartOf\":{\"@id\":\"https:\/\/simpledream.pl\/#website\"},\"primaryImageOfPage\":{\"@id\":\"https:\/\/simpledream.pl\/index.php\/en\/produkt\/bag-3-in-1-zamosc\/#primaryimage\"},\"image\":{\"@id\":\"https:\/\/simpledream.pl\/index.php\/en\/produkt\/bag-3-in-1-zamosc\/#primaryimage\"},\"thumbnailUrl\":\"https:\/\/simpledream.pl\/wp-content\/uploads\/2022\/09\/Finlandia-202277.jpg\",\"datePublished\":\"2022-09-20T17:39:05+00:00\",\"dateModified\":\"2023-12-19T08:10:34+00:00\",\"breadcrumb\":{\"@id\":\"https:\/\/simpledream.pl\/index.php\/en\/produkt\/bag-3-in-1-zamosc\/#breadcrumb\"},\"inLanguage\":\"pl-PL\",\"potentialAction\":[{\"@type\":\"ReadAction\",\"target\":[\"https:\/\/simpledream.pl\/index.php\/en\/produkt\/bag-3-in-1-zamosc\/\"]}]},{\"@type\":\"ImageObject\",\"inLanguage\":\"pl-PL\",\"@id\":\"https:\/\/simpledream.pl\/index.php\/en\/produkt\/bag-3-in-1-zamosc\/#primaryimage\",\"url\":\"https:\/\/simpledream.pl\/wp-content\/uploads\/2022\/09\/Finlandia-202277.jpg\",\"contentUrl\":\"https:\/\/simpledream.pl\/wp-content\/uploads\/2022\/09\/Finlandia-202277.jpg\",\"width\":1200,\"height\":1200,\"caption\":\"Torba otyginalna \u2013 wz\u00f3r obraz Zamojski\"},{\"@type\":\"BreadcrumbList\",\"@id\":\"https:\/\/simpledream.pl\/index.php\/en\/produkt\/bag-3-in-1-zamosc\/#breadcrumb\",\"itemListElement\":[{\"@type\":\"ListItem\",\"position\":1,\"name\":\"Strona g\u0142\u00f3wna\",\"item\":\"https:\/\/simpledream.pl\/index.php\/pl\/main-home\/\"},{\"@type\":\"ListItem\",\"position\":2,\"name\":\"Sklep\",\"item\":\"https:\/\/simpledream.pl\/index.php\/pl\/sklep\/\"},{\"@type\":\"ListItem\",\"position\":3,\"name\":\"Bag 3 in 1 &#8211; Zamo\u015b\u0107\"}]},{\"@type\":\"WebSite\",\"@id\":\"https:\/\/simpledream.pl\/#website\",\"url\":\"https:\/\/simpledream.pl\/\",\"name\":\"Simple Dream\",\"description\":\"\",\"potentialAction\":[{\"@type\":\"SearchAction\",\"target\":{\"@type\":\"EntryPoint\",\"urlTemplate\":\"https:\/\/simpledream.pl\/?s={search_term_string}\"},\"query-input\":{\"@type\":\"PropertyValueSpecification\",\"valueRequired\":true,\"valueName\":\"search_term_string\"}}],\"inLanguage\":\"pl-PL\"}]}<\/script>\n<!-- \/ Yoast SEO plugin. -->","yoast_head_json":{"title":"Bag 3 in 1 - Zamo\u015b\u0107 - Simple Dream","robots":{"index":"index","follow":"follow","max-snippet":"max-snippet:-1","max-image-preview":"max-image-preview:large","max-video-preview":"max-video-preview:-1"},"canonical":"https:\/\/simpledream.pl\/index.php\/en\/produkt\/bag-3-in-1-zamosc\/","og_locale":"pl_PL","og_type":"article","og_title":"Bag 3 in 1 - Zamo\u015b\u0107 - Simple Dream","og_description":"3 in 1 bag made in a Polish sewing room company of nylon and codura. Inside, there are pockets for various small items, and a hidden pocket for keys. The heritage of Polish folk art is based on regional embroidery. The red and black embroidery in Zamo\u015b\u0107 touches the heart with its minimalism, reminiscent of the beginnings of the era of computer graphics.","og_url":"https:\/\/simpledream.pl\/index.php\/en\/produkt\/bag-3-in-1-zamosc\/","og_site_name":"Simple Dream","article_modified_time":"2023-12-19T08:10:34+00:00","og_image":[{"width":1200,"height":1200,"url":"https:\/\/simpledream.pl\/wp-content\/uploads\/2022\/09\/Finlandia-202277.jpg","type":"image\/jpeg"}],"twitter_card":"summary_large_image","twitter_misc":{"Szacowany czas czytania":"1 minuta"},"schema":{"@context":"https:\/\/schema.org","@graph":[{"@type":"WebPage","@id":"https:\/\/simpledream.pl\/index.php\/en\/produkt\/bag-3-in-1-zamosc\/","url":"https:\/\/simpledream.pl\/index.php\/en\/produkt\/bag-3-in-1-zamosc\/","name":"Bag 3 in 1 - Zamo\u015b\u0107 - Simple Dream","isPartOf":{"@id":"https:\/\/simpledream.pl\/#website"},"primaryImageOfPage":{"@id":"https:\/\/simpledream.pl\/index.php\/en\/produkt\/bag-3-in-1-zamosc\/#primaryimage"},"image":{"@id":"https:\/\/simpledream.pl\/index.php\/en\/produkt\/bag-3-in-1-zamosc\/#primaryimage"},"thumbnailUrl":"https:\/\/simpledream.pl\/wp-content\/uploads\/2022\/09\/Finlandia-202277.jpg","datePublished":"2022-09-20T17:39:05+00:00","dateModified":"2023-12-19T08:10:34+00:00","breadcrumb":{"@id":"https:\/\/simpledream.pl\/index.php\/en\/produkt\/bag-3-in-1-zamosc\/#breadcrumb"},"inLanguage":"pl-PL","potentialAction":[{"@type":"ReadAction","target":["https:\/\/simpledream.pl\/index.php\/en\/produkt\/bag-3-in-1-zamosc\/"]}]},{"@type":"ImageObject","inLanguage":"pl-PL","@id":"https:\/\/simpledream.pl\/index.php\/en\/produkt\/bag-3-in-1-zamosc\/#primaryimage","url":"https:\/\/simpledream.pl\/wp-content\/uploads\/2022\/09\/Finlandia-202277.jpg","contentUrl":"https:\/\/simpledream.pl\/wp-content\/uploads\/2022\/09\/Finlandia-202277.jpg","width":1200,"height":1200,"caption":"Torba otyginalna \u2013 wz\u00f3r obraz Zamojski"},{"@type":"BreadcrumbList","@id":"https:\/\/simpledream.pl\/index.php\/en\/produkt\/bag-3-in-1-zamosc\/#breadcrumb","itemListElement":[{"@type":"ListItem","position":1,"name":"Strona g\u0142\u00f3wna","item":"https:\/\/simpledream.pl\/index.php\/pl\/main-home\/"},{"@type":"ListItem","position":2,"name":"Sklep","item":"https:\/\/simpledream.pl\/index.php\/pl\/sklep\/"},{"@type":"ListItem","position":3,"name":"Bag 3 in 1 &#8211; Zamo\u015b\u0107"}]},{"@type":"WebSite","@id":"https:\/\/simpledream.pl\/#website","url":"https:\/\/simpledream.pl\/","name":"Simple Dream","description":"","potentialAction":[{"@type":"SearchAction","target":{"@type":"EntryPoint","urlTemplate":"https:\/\/simpledream.pl\/?s={search_term_string}"},"query-input":{"@type":"PropertyValueSpecification","valueRequired":true,"valueName":"search_term_string"}}],"inLanguage":"pl-PL"}]}},"lang":"en","translations":{"en":8429,"pl":8417},"pll_sync_post":[],"_links":{"self":[{"href":"https:\/\/simpledream.pl\/index.php\/wp-json\/wp\/v2\/product\/8429","targetHints":{"allow":["GET"]}}],"collection":[{"href":"https:\/\/simpledream.pl\/index.php\/wp-json\/wp\/v2\/product"}],"about":[{"href":"https:\/\/simpledream.pl\/index.php\/wp-json\/wp\/v2\/types\/product"}],"replies":[{"embeddable":true,"href":"https:\/\/simpledream.pl\/index.php\/wp-json\/wp\/v2\/comments?post=8429"}],"version-history":[{"count":6,"href":"https:\/\/simpledream.pl\/index.php\/wp-json\/wp\/v2\/product\/8429\/revisions"}],"predecessor-version":[{"id":10754,"href":"https:\/\/simpledream.pl\/index.php\/wp-json\/wp\/v2\/product\/8429\/revisions\/10754"}],"wp:featuredmedia":[{"embeddable":true,"href":"https:\/\/simpledream.pl\/index.php\/wp-json\/wp\/v2\/media\/8418"}],"wp:attachment":[{"href":"https:\/\/simpledream.pl\/index.php\/wp-json\/wp\/v2\/media?parent=8429"}],"wp:term":[{"taxonomy":"product_cat","embeddable":true,"href":"https:\/\/simpledream.pl\/index.php\/wp-json\/wp\/v2\/product_cat?post=8429"},{"taxonomy":"product_tag","embeddable":true,"href":"https:\/\/simpledream.pl\/index.php\/wp-json\/wp\/v2\/product_tag?post=8429"}],"curies":[{"name":"wp","href":"https:\/\/api.w.org\/{rel}","templated":true}]}}