{"id":8577,"date":"2022-10-30T14:03:20","date_gmt":"2022-10-30T13:03:20","guid":{"rendered":"https:\/\/simpledream.pl\/?post_type=product&#038;p=8577"},"modified":"2025-04-25T12:19:10","modified_gmt":"2025-04-25T10:19:10","slug":"plenerowka-tulipany","status":"publish","type":"product","link":"https:\/\/simpledream.pl\/index.php\/pl\/produkt\/plenerowka-tulipany\/","title":{"rendered":"Plener\u00f3wka &#8211; Tulipany"},"content":{"rendered":"<p>Torba plener\u00f3wka zosta\u0142a uszyta w polskiej szwalni z ortalionu oraz polaru. Rozsuwana po bokach przemienia si\u0119 w idealne rozwi\u0105zanie do siedzenia na suchej b\u0105d\u017a mokrej powierzchni. Dodatkowo na sznurkach wszyta jest sakiewka na portfel, klucze czy telefon.<\/p>\n<p>&nbsp;<\/p>\n<p>Chcieliby\u015bmy, aby nasza torba wp\u0142yn\u0119\u0142a na wdro\u017cenie nowych, pozytywnych, ekologicznych schemat\u00f3w zachowania. Czyli, to co ze sob\u0105 bierzesz w plener \u2013 zabierasz. A nasza torba u\u0142atwi ci zadanie! Nie b\u0119dziesz musia\u0142 nosi\u0107 ze sob\u0105 tysi\u0105ca rzeczy i czu\u0107 si\u0119 jakby brakowa\u0142o Ci r\u0105k. Torba \u2013 koc do siedzenia w jednym, rozwi\u0105\u017ce za Ciebie zadania.<\/p>\n<p>&nbsp;<\/p>\n<p>Wymiary z\u0142o\u017conego produktu:<\/p>\n<p>Wysoko\u015b\u0107: 50 cm<br \/>\nSzeroko\u015b\u0107: 50 cm<\/p>\n<p>&nbsp;<\/p>\n<p>Elementy dodatkowe:<br \/>\n\u2013 zamek kostkowe<br \/>\n\u2013 ta\u015bma bawe\u0142niana 4 cm<br \/>\n\u2013 \u015bci\u0105gany woreczek na drobiazgi<\/p>\n<p>&nbsp;<\/p>\n<p>Materia\u0142 zewn\u0119trzny: tkanina ortalionowa powleka; wysoka wodoodporno\u015b\u0107 \u2013 230 g\/m2<br \/>\nMateria\u0142 wewn\u0119trzny: tkanina polarowa \u2013 285 g\/m2<\/p>\n<p>&nbsp;<\/p>\n<p>Nadruk wykonany technik\u0105 cyfrow\u0105.<\/p>\n<p>&nbsp;<\/p>\n<p>Pra\u0107 r\u0119cznie w 30\u00b0C. Produkt pozostawi\u0107 do naturalnego wyschni\u0119cia, wywr\u00f3cony na drug\u0105 stron\u0119.<\/p>\n<p>&nbsp;<\/p>\n<p>Maksymalny ci\u0119\u017car produkt\u00f3w do 5 kg.<\/p>\n<p>&nbsp;<\/p>\n<p>Wz\u00f3r zosta\u0142 stworzony przez artystk\u0119 Barbar\u0119 Troick\u0105, kt\u00f3ra tworzy swoje grafiki jak i r\u00f3wniez prace olejne pod pseudonimem Basia ArtVibes. Uwielbia natur\u0119 oraz kwiaty, kt\u00f3re inspiruj\u0105 j\u0105 w procesie tw\u00f3rczym.<\/p>\n","protected":false},"excerpt":{"rendered":"<p>Torba plener\u00f3wka uszyta w polskiej szwalni z ortalionu oraz polaru. Rozsuwana po bokach przemienia si\u0119 w idealne rozwi\u0105zanie do siedzenia na suchej b\u0105d\u017a mokrej powierzchni. Wz\u00f3r tulipany to nasza celebracja wiosny, kiedy to ca\u0142a natura budzi si\u0119 do \u017cycia.<\/p>\n","protected":false},"featured_media":8578,"comment_status":"closed","ping_status":"closed","template":"","meta":[],"product_cat":[140,15,92,94,115,116,119,130,132,123,125,128,124,129,91,64],"product_tag":[1212,1210,1197,1218,1208,1216,162,1214,212],"class_list":{"0":"post-8577","1":"product","2":"type-product","3":"status-publish","4":"has-post-thumbnail","6":"product_cat-sale","7":"product_cat-bez-kategorii","8":"product_cat-kolekcje","9":"product_cat-grafika","10":"product_cat-prezenty","11":"product_cat-cena","12":"product_cat-100-zl-200-zl","13":"product_cat-dla-kogo","14":"product_cat-kobieta","15":"product_cat-okazja","16":"product_cat-boze-narodzenie","17":"product_cat-dzien-matki","18":"product_cat-urodziny-imieniny","19":"product_cat-walentynki","20":"product_cat-torba","21":"product_cat-uncategorized","22":"product_tag-do-siedzenia","23":"product_tag-laka","24":"product_tag-made-in-poland","25":"product_tag-nieprzemakalne","26":"product_tag-plenerowka","27":"product_tag-polar","28":"product_tag-szycie","29":"product_tag-w-plener","30":"product_tag-wzor","32":"first","33":"instock","34":"sale","35":"shipping-taxable","36":"purchasable","37":"product-type-simple"},"yoast_head":"<!-- This site is optimized with the Yoast SEO plugin v23.9 - https:\/\/yoast.com\/wordpress\/plugins\/seo\/ -->\n<title>Plener\u00f3wka - Tulipany - Simple Dream<\/title>\n<meta name=\"robots\" content=\"index, follow, max-snippet:-1, max-image-preview:large, max-video-preview:-1\" \/>\n<link rel=\"canonical\" href=\"https:\/\/simpledream.pl\/index.php\/pl\/produkt\/plenerowka-tulipany\/\" \/>\n<meta property=\"og:locale\" content=\"pl_PL\" \/>\n<meta property=\"og:type\" content=\"article\" \/>\n<meta property=\"og:title\" content=\"Plener\u00f3wka - Tulipany - Simple Dream\" \/>\n<meta property=\"og:description\" content=\"Torba plener\u00f3wka uszyta w polskiej szwalni z ortalionu oraz polaru. Rozsuwana po bokach przemienia si\u0119 w idealne rozwi\u0105zanie do siedzenia na suchej b\u0105d\u017a mokrej powierzchni. Wz\u00f3r tulipany to nasza celebracja wiosny, kiedy to ca\u0142a natura budzi si\u0119 do \u017cycia.\" \/>\n<meta property=\"og:url\" content=\"https:\/\/simpledream.pl\/index.php\/pl\/produkt\/plenerowka-tulipany\/\" \/>\n<meta property=\"og:site_name\" content=\"Simple Dream\" \/>\n<meta property=\"article:modified_time\" content=\"2025-04-25T10:19:10+00:00\" \/>\n<meta property=\"og:image\" content=\"https:\/\/simpledream.pl\/wp-content\/uploads\/2022\/10\/Finlandia-202249.jpg\" \/>\n\t<meta property=\"og:image:width\" content=\"1200\" \/>\n\t<meta property=\"og:image:height\" content=\"1200\" \/>\n\t<meta property=\"og:image:type\" content=\"image\/jpeg\" \/>\n<meta name=\"twitter:card\" content=\"summary_large_image\" \/>\n<meta name=\"twitter:label1\" content=\"Szacowany czas czytania\" \/>\n\t<meta name=\"twitter:data1\" content=\"1 minuta\" \/>\n<script type=\"application\/ld+json\" class=\"yoast-schema-graph\">{\"@context\":\"https:\/\/schema.org\",\"@graph\":[{\"@type\":\"WebPage\",\"@id\":\"https:\/\/simpledream.pl\/index.php\/pl\/produkt\/plenerowka-tulipany\/\",\"url\":\"https:\/\/simpledream.pl\/index.php\/pl\/produkt\/plenerowka-tulipany\/\",\"name\":\"Plener\u00f3wka - Tulipany - Simple Dream\",\"isPartOf\":{\"@id\":\"https:\/\/simpledream.pl\/#website\"},\"primaryImageOfPage\":{\"@id\":\"https:\/\/simpledream.pl\/index.php\/pl\/produkt\/plenerowka-tulipany\/#primaryimage\"},\"image\":{\"@id\":\"https:\/\/simpledream.pl\/index.php\/pl\/produkt\/plenerowka-tulipany\/#primaryimage\"},\"thumbnailUrl\":\"https:\/\/simpledream.pl\/wp-content\/uploads\/2022\/10\/Finlandia-202249.jpg\",\"datePublished\":\"2022-10-30T13:03:20+00:00\",\"dateModified\":\"2025-04-25T10:19:10+00:00\",\"breadcrumb\":{\"@id\":\"https:\/\/simpledream.pl\/index.php\/pl\/produkt\/plenerowka-tulipany\/#breadcrumb\"},\"inLanguage\":\"pl-PL\",\"potentialAction\":[{\"@type\":\"ReadAction\",\"target\":[\"https:\/\/simpledream.pl\/index.php\/pl\/produkt\/plenerowka-tulipany\/\"]}]},{\"@type\":\"ImageObject\",\"inLanguage\":\"pl-PL\",\"@id\":\"https:\/\/simpledream.pl\/index.php\/pl\/produkt\/plenerowka-tulipany\/#primaryimage\",\"url\":\"https:\/\/simpledream.pl\/wp-content\/uploads\/2022\/10\/Finlandia-202249.jpg\",\"contentUrl\":\"https:\/\/simpledream.pl\/wp-content\/uploads\/2022\/10\/Finlandia-202249.jpg\",\"width\":1200,\"height\":1200,\"caption\":\"Torba 3 w 1 z ortalionu oraz kodury \u2013 wz\u00f3r Tulipany\"},{\"@type\":\"BreadcrumbList\",\"@id\":\"https:\/\/simpledream.pl\/index.php\/pl\/produkt\/plenerowka-tulipany\/#breadcrumb\",\"itemListElement\":[{\"@type\":\"ListItem\",\"position\":1,\"name\":\"Strona g\u0142\u00f3wna\",\"item\":\"https:\/\/simpledream.pl\/index.php\/pl\/main-home\/\"},{\"@type\":\"ListItem\",\"position\":2,\"name\":\"Sklep\",\"item\":\"https:\/\/simpledream.pl\/index.php\/pl\/sklep\/\"},{\"@type\":\"ListItem\",\"position\":3,\"name\":\"Plener\u00f3wka &#8211; Tulipany\"}]},{\"@type\":\"WebSite\",\"@id\":\"https:\/\/simpledream.pl\/#website\",\"url\":\"https:\/\/simpledream.pl\/\",\"name\":\"Simple Dream\",\"description\":\"\",\"potentialAction\":[{\"@type\":\"SearchAction\",\"target\":{\"@type\":\"EntryPoint\",\"urlTemplate\":\"https:\/\/simpledream.pl\/?s={search_term_string}\"},\"query-input\":{\"@type\":\"PropertyValueSpecification\",\"valueRequired\":true,\"valueName\":\"search_term_string\"}}],\"inLanguage\":\"pl-PL\"}]}<\/script>\n<!-- \/ Yoast SEO plugin. -->","yoast_head_json":{"title":"Plener\u00f3wka - Tulipany - Simple Dream","robots":{"index":"index","follow":"follow","max-snippet":"max-snippet:-1","max-image-preview":"max-image-preview:large","max-video-preview":"max-video-preview:-1"},"canonical":"https:\/\/simpledream.pl\/index.php\/pl\/produkt\/plenerowka-tulipany\/","og_locale":"pl_PL","og_type":"article","og_title":"Plener\u00f3wka - Tulipany - Simple Dream","og_description":"Torba plener\u00f3wka uszyta w polskiej szwalni z ortalionu oraz polaru. Rozsuwana po bokach przemienia si\u0119 w idealne rozwi\u0105zanie do siedzenia na suchej b\u0105d\u017a mokrej powierzchni. Wz\u00f3r tulipany to nasza celebracja wiosny, kiedy to ca\u0142a natura budzi si\u0119 do \u017cycia.","og_url":"https:\/\/simpledream.pl\/index.php\/pl\/produkt\/plenerowka-tulipany\/","og_site_name":"Simple Dream","article_modified_time":"2025-04-25T10:19:10+00:00","og_image":[{"width":1200,"height":1200,"url":"https:\/\/simpledream.pl\/wp-content\/uploads\/2022\/10\/Finlandia-202249.jpg","type":"image\/jpeg"}],"twitter_card":"summary_large_image","twitter_misc":{"Szacowany czas czytania":"1 minuta"},"schema":{"@context":"https:\/\/schema.org","@graph":[{"@type":"WebPage","@id":"https:\/\/simpledream.pl\/index.php\/pl\/produkt\/plenerowka-tulipany\/","url":"https:\/\/simpledream.pl\/index.php\/pl\/produkt\/plenerowka-tulipany\/","name":"Plener\u00f3wka - Tulipany - Simple Dream","isPartOf":{"@id":"https:\/\/simpledream.pl\/#website"},"primaryImageOfPage":{"@id":"https:\/\/simpledream.pl\/index.php\/pl\/produkt\/plenerowka-tulipany\/#primaryimage"},"image":{"@id":"https:\/\/simpledream.pl\/index.php\/pl\/produkt\/plenerowka-tulipany\/#primaryimage"},"thumbnailUrl":"https:\/\/simpledream.pl\/wp-content\/uploads\/2022\/10\/Finlandia-202249.jpg","datePublished":"2022-10-30T13:03:20+00:00","dateModified":"2025-04-25T10:19:10+00:00","breadcrumb":{"@id":"https:\/\/simpledream.pl\/index.php\/pl\/produkt\/plenerowka-tulipany\/#breadcrumb"},"inLanguage":"pl-PL","potentialAction":[{"@type":"ReadAction","target":["https:\/\/simpledream.pl\/index.php\/pl\/produkt\/plenerowka-tulipany\/"]}]},{"@type":"ImageObject","inLanguage":"pl-PL","@id":"https:\/\/simpledream.pl\/index.php\/pl\/produkt\/plenerowka-tulipany\/#primaryimage","url":"https:\/\/simpledream.pl\/wp-content\/uploads\/2022\/10\/Finlandia-202249.jpg","contentUrl":"https:\/\/simpledream.pl\/wp-content\/uploads\/2022\/10\/Finlandia-202249.jpg","width":1200,"height":1200,"caption":"Torba 3 w 1 z ortalionu oraz kodury \u2013 wz\u00f3r Tulipany"},{"@type":"BreadcrumbList","@id":"https:\/\/simpledream.pl\/index.php\/pl\/produkt\/plenerowka-tulipany\/#breadcrumb","itemListElement":[{"@type":"ListItem","position":1,"name":"Strona g\u0142\u00f3wna","item":"https:\/\/simpledream.pl\/index.php\/pl\/main-home\/"},{"@type":"ListItem","position":2,"name":"Sklep","item":"https:\/\/simpledream.pl\/index.php\/pl\/sklep\/"},{"@type":"ListItem","position":3,"name":"Plener\u00f3wka &#8211; Tulipany"}]},{"@type":"WebSite","@id":"https:\/\/simpledream.pl\/#website","url":"https:\/\/simpledream.pl\/","name":"Simple Dream","description":"","potentialAction":[{"@type":"SearchAction","target":{"@type":"EntryPoint","urlTemplate":"https:\/\/simpledream.pl\/?s={search_term_string}"},"query-input":{"@type":"PropertyValueSpecification","valueRequired":true,"valueName":"search_term_string"}}],"inLanguage":"pl-PL"}]}},"lang":"pl","translations":{"pl":8577,"en":8594},"pll_sync_post":[],"_links":{"self":[{"href":"https:\/\/simpledream.pl\/index.php\/wp-json\/wp\/v2\/product\/8577","targetHints":{"allow":["GET"]}}],"collection":[{"href":"https:\/\/simpledream.pl\/index.php\/wp-json\/wp\/v2\/product"}],"about":[{"href":"https:\/\/simpledream.pl\/index.php\/wp-json\/wp\/v2\/types\/product"}],"replies":[{"embeddable":true,"href":"https:\/\/simpledream.pl\/index.php\/wp-json\/wp\/v2\/comments?post=8577"}],"version-history":[{"count":13,"href":"https:\/\/simpledream.pl\/index.php\/wp-json\/wp\/v2\/product\/8577\/revisions"}],"predecessor-version":[{"id":9715,"href":"https:\/\/simpledream.pl\/index.php\/wp-json\/wp\/v2\/product\/8577\/revisions\/9715"}],"wp:featuredmedia":[{"embeddable":true,"href":"https:\/\/simpledream.pl\/index.php\/wp-json\/wp\/v2\/media\/8578"}],"wp:attachment":[{"href":"https:\/\/simpledream.pl\/index.php\/wp-json\/wp\/v2\/media?parent=8577"}],"wp:term":[{"taxonomy":"product_cat","embeddable":true,"href":"https:\/\/simpledream.pl\/index.php\/wp-json\/wp\/v2\/product_cat?post=8577"},{"taxonomy":"product_tag","embeddable":true,"href":"https:\/\/simpledream.pl\/index.php\/wp-json\/wp\/v2\/product_tag?post=8577"}],"curies":[{"name":"wp","href":"https:\/\/api.w.org\/{rel}","templated":true}]}}