{"id":8611,"date":"2022-10-30T14:37:46","date_gmt":"2022-10-30T13:37:46","guid":{"rendered":"https:\/\/simpledream.pl\/?post_type=product&#038;p=8611"},"modified":"2023-12-19T09:18:24","modified_gmt":"2023-12-19T08:18:24","slug":"outdoor-bag-wilanow","status":"publish","type":"product","link":"https:\/\/simpledream.pl\/index.php\/en\/produkt\/outdoor-bag-wilanow\/","title":{"rendered":"Outdoor bag &#8211; Wilan\u00f3w"},"content":{"rendered":"<p>Outdoor bag made in a Polish sewing room. We used nylon and fleece. Sliding on the sides, it turns into a perfect solution for sitting on a dry or wet surface. Additionally, a pouch for a wallet, keys or a phone is sewn on the strings.<\/p>\n<p>We would like our bag to influence the implementation of new, positive, ecological behavior patterns. So what you take outdoors \u2013 you take it back with you. And our bag will make your task easier! You won\u2019t have to carry a thousand things with you and feel like you are lack of hands. Bag \u2013 a blanket to sit in one, will solve the tasks for you.<\/p>\n<p>Folded product dimensions:<\/p>\n<p>Height: 50 cm<\/p>\n<p>Width: 50 cm<\/p>\n<p>Additional elements:<br \/>\n\u2013 ankle zipper<br \/>\n\u2013 4 cm cotton tape<br \/>\n\u2013 removable bag for small items<\/p>\n<p>Outer material: nylon coated fabric; high water resistance \u2013 230 g \/ m2<br \/>\nInner material: fleece fabric \u2013 285 g \/ m2<br \/>\nPrint made using digital technique.<br \/>\nHand wash at 30 \u00b0 C. Allow the product to dry naturally, turned inside out. Maximum product weight up to 5 kg.<\/p>\n<p>The heritage of Polish folk art gathers primarily regional embroidery.The Wilan\u00f3w pattern was created in the area of western Mazovia \u2013 the left bank of the Vistula. Now, most of the region is the administrative area of Warsaw, which includes: Wilan\u00f3w, Powsin, Ujazd\u00f3w and S\u0142u\u017cew. Usually, the Wilan\u00f3w pattern includes symmetrically arranged, black flowers. The main background color is white. The first embroidery appeared before the First World War. They belong to the collection of the ethnographic Museum in Warsaw and the Museum in St. Petersburg.<\/p>\n","protected":false},"excerpt":{"rendered":"<p>Outdoor bag made in a Polish sewing room. We used nylon and fleece. Sliding on the sides, it turns into a perfect solution for sitting on a dry or wet surface. The heritage of Polish folk art is based on regional embroidery. Elegant, black and white Wilan\u00f3w embroidery rightly evokes the palace atmosphere of King Sobieski\u2019s court in Warsaw\u2019s Wilan\u00f3w.<\/p>\n","protected":false},"featured_media":8601,"comment_status":"closed","ping_status":"closed","template":"","meta":[],"product_cat":[894,419,920,912,423,425,902,886,916,910,888,421,256,922,906],"product_tag":[1073,1036,1053,934,936,930,932,1083,1232,1230,1034,1226,1228,1069,1087,584],"class_list":{"0":"post-8611","1":"product","2":"type-product","3":"status-publish","4":"has-post-thumbnail","6":"product_cat-100-pln-200-pln","7":"product_cat-bag","8":"product_cat-birthday-names-day","9":"product_cat-christmas","10":"product_cat-collections","11":"product_cat-folklore-en","12":"product_cat-for-whom","13":"product_cat-gifts","14":"product_cat-mothers-day","15":"product_cat-occasion","16":"product_cat-price","17":"product_cat-sale-en","18":"product_cat-uncategorized-en","19":"product_cat-valentines-day","20":"product_cat-woman","21":"product_tag-bag","22":"product_tag-flowers","23":"product_tag-for-her","24":"product_tag-gift-idea","25":"product_tag-graphic-pattern","26":"product_tag-hand-made","27":"product_tag-made-in-poland","28":"product_tag-nylon","29":"product_tag-outdoor-bag","30":"product_tag-picnic","31":"product_tag-protection","32":"product_tag-to-sit","33":"product_tag-to-take","34":"product_tag-trip","35":"product_tag-usefull","36":"product_tag-wilanow-en","38":"first","39":"instock","40":"sale","41":"shipping-taxable","42":"purchasable","43":"product-type-simple"},"yoast_head":"<!-- This site is optimized with the Yoast SEO plugin v23.9 - https:\/\/yoast.com\/wordpress\/plugins\/seo\/ -->\n<title>Outdoor bag - Wilan\u00f3w - Simple Dream<\/title>\n<meta name=\"robots\" content=\"index, follow, max-snippet:-1, max-image-preview:large, max-video-preview:-1\" \/>\n<link rel=\"canonical\" href=\"https:\/\/simpledream.pl\/index.php\/en\/produkt\/outdoor-bag-wilanow\/\" \/>\n<meta property=\"og:locale\" content=\"pl_PL\" \/>\n<meta property=\"og:type\" content=\"article\" \/>\n<meta property=\"og:title\" content=\"Outdoor bag - Wilan\u00f3w - Simple Dream\" \/>\n<meta property=\"og:description\" content=\"Outdoor bag made in a Polish sewing room. We used nylon and fleece. Sliding on the sides, it turns into a perfect solution for sitting on a dry or wet surface. The heritage of Polish folk art is based on regional embroidery. Elegant, black and white Wilan\u00f3w embroidery rightly evokes the palace atmosphere of King Sobieski\u2019s court in Warsaw\u2019s Wilan\u00f3w.\" \/>\n<meta property=\"og:url\" content=\"https:\/\/simpledream.pl\/index.php\/en\/produkt\/outdoor-bag-wilanow\/\" \/>\n<meta property=\"og:site_name\" content=\"Simple Dream\" \/>\n<meta property=\"article:modified_time\" content=\"2023-12-19T08:18:24+00:00\" \/>\n<meta property=\"og:image\" content=\"https:\/\/simpledream.pl\/wp-content\/uploads\/2022\/10\/Finlandia-2022-cz2.jpg\" \/>\n\t<meta property=\"og:image:width\" content=\"1200\" \/>\n\t<meta property=\"og:image:height\" content=\"1200\" \/>\n\t<meta property=\"og:image:type\" content=\"image\/jpeg\" \/>\n<meta name=\"twitter:card\" content=\"summary_large_image\" \/>\n<meta name=\"twitter:label1\" content=\"Szacowany czas czytania\" \/>\n\t<meta name=\"twitter:data1\" content=\"1 minuta\" \/>\n<script type=\"application\/ld+json\" class=\"yoast-schema-graph\">{\"@context\":\"https:\/\/schema.org\",\"@graph\":[{\"@type\":\"WebPage\",\"@id\":\"https:\/\/simpledream.pl\/index.php\/en\/produkt\/outdoor-bag-wilanow\/\",\"url\":\"https:\/\/simpledream.pl\/index.php\/en\/produkt\/outdoor-bag-wilanow\/\",\"name\":\"Outdoor bag - Wilan\u00f3w - Simple Dream\",\"isPartOf\":{\"@id\":\"https:\/\/simpledream.pl\/#website\"},\"primaryImageOfPage\":{\"@id\":\"https:\/\/simpledream.pl\/index.php\/en\/produkt\/outdoor-bag-wilanow\/#primaryimage\"},\"image\":{\"@id\":\"https:\/\/simpledream.pl\/index.php\/en\/produkt\/outdoor-bag-wilanow\/#primaryimage\"},\"thumbnailUrl\":\"https:\/\/simpledream.pl\/wp-content\/uploads\/2022\/10\/Finlandia-2022-cz2.jpg\",\"datePublished\":\"2022-10-30T13:37:46+00:00\",\"dateModified\":\"2023-12-19T08:18:24+00:00\",\"breadcrumb\":{\"@id\":\"https:\/\/simpledream.pl\/index.php\/en\/produkt\/outdoor-bag-wilanow\/#breadcrumb\"},\"inLanguage\":\"pl-PL\",\"potentialAction\":[{\"@type\":\"ReadAction\",\"target\":[\"https:\/\/simpledream.pl\/index.php\/en\/produkt\/outdoor-bag-wilanow\/\"]}]},{\"@type\":\"ImageObject\",\"inLanguage\":\"pl-PL\",\"@id\":\"https:\/\/simpledream.pl\/index.php\/en\/produkt\/outdoor-bag-wilanow\/#primaryimage\",\"url\":\"https:\/\/simpledream.pl\/wp-content\/uploads\/2022\/10\/Finlandia-2022-cz2.jpg\",\"contentUrl\":\"https:\/\/simpledream.pl\/wp-content\/uploads\/2022\/10\/Finlandia-2022-cz2.jpg\",\"width\":1200,\"height\":1200,\"caption\":\"Torba kompleksowa 3 w 1 z ortalionu\"},{\"@type\":\"BreadcrumbList\",\"@id\":\"https:\/\/simpledream.pl\/index.php\/en\/produkt\/outdoor-bag-wilanow\/#breadcrumb\",\"itemListElement\":[{\"@type\":\"ListItem\",\"position\":1,\"name\":\"Strona g\u0142\u00f3wna\",\"item\":\"https:\/\/simpledream.pl\/index.php\/pl\/main-home\/\"},{\"@type\":\"ListItem\",\"position\":2,\"name\":\"Sklep\",\"item\":\"https:\/\/simpledream.pl\/index.php\/pl\/sklep\/\"},{\"@type\":\"ListItem\",\"position\":3,\"name\":\"Outdoor bag &#8211; Wilan\u00f3w\"}]},{\"@type\":\"WebSite\",\"@id\":\"https:\/\/simpledream.pl\/#website\",\"url\":\"https:\/\/simpledream.pl\/\",\"name\":\"Simple Dream\",\"description\":\"\",\"potentialAction\":[{\"@type\":\"SearchAction\",\"target\":{\"@type\":\"EntryPoint\",\"urlTemplate\":\"https:\/\/simpledream.pl\/?s={search_term_string}\"},\"query-input\":{\"@type\":\"PropertyValueSpecification\",\"valueRequired\":true,\"valueName\":\"search_term_string\"}}],\"inLanguage\":\"pl-PL\"}]}<\/script>\n<!-- \/ Yoast SEO plugin. -->","yoast_head_json":{"title":"Outdoor bag - Wilan\u00f3w - Simple Dream","robots":{"index":"index","follow":"follow","max-snippet":"max-snippet:-1","max-image-preview":"max-image-preview:large","max-video-preview":"max-video-preview:-1"},"canonical":"https:\/\/simpledream.pl\/index.php\/en\/produkt\/outdoor-bag-wilanow\/","og_locale":"pl_PL","og_type":"article","og_title":"Outdoor bag - Wilan\u00f3w - Simple Dream","og_description":"Outdoor bag made in a Polish sewing room. We used nylon and fleece. Sliding on the sides, it turns into a perfect solution for sitting on a dry or wet surface. The heritage of Polish folk art is based on regional embroidery. Elegant, black and white Wilan\u00f3w embroidery rightly evokes the palace atmosphere of King Sobieski\u2019s court in Warsaw\u2019s Wilan\u00f3w.","og_url":"https:\/\/simpledream.pl\/index.php\/en\/produkt\/outdoor-bag-wilanow\/","og_site_name":"Simple Dream","article_modified_time":"2023-12-19T08:18:24+00:00","og_image":[{"width":1200,"height":1200,"url":"https:\/\/simpledream.pl\/wp-content\/uploads\/2022\/10\/Finlandia-2022-cz2.jpg","type":"image\/jpeg"}],"twitter_card":"summary_large_image","twitter_misc":{"Szacowany czas czytania":"1 minuta"},"schema":{"@context":"https:\/\/schema.org","@graph":[{"@type":"WebPage","@id":"https:\/\/simpledream.pl\/index.php\/en\/produkt\/outdoor-bag-wilanow\/","url":"https:\/\/simpledream.pl\/index.php\/en\/produkt\/outdoor-bag-wilanow\/","name":"Outdoor bag - Wilan\u00f3w - Simple Dream","isPartOf":{"@id":"https:\/\/simpledream.pl\/#website"},"primaryImageOfPage":{"@id":"https:\/\/simpledream.pl\/index.php\/en\/produkt\/outdoor-bag-wilanow\/#primaryimage"},"image":{"@id":"https:\/\/simpledream.pl\/index.php\/en\/produkt\/outdoor-bag-wilanow\/#primaryimage"},"thumbnailUrl":"https:\/\/simpledream.pl\/wp-content\/uploads\/2022\/10\/Finlandia-2022-cz2.jpg","datePublished":"2022-10-30T13:37:46+00:00","dateModified":"2023-12-19T08:18:24+00:00","breadcrumb":{"@id":"https:\/\/simpledream.pl\/index.php\/en\/produkt\/outdoor-bag-wilanow\/#breadcrumb"},"inLanguage":"pl-PL","potentialAction":[{"@type":"ReadAction","target":["https:\/\/simpledream.pl\/index.php\/en\/produkt\/outdoor-bag-wilanow\/"]}]},{"@type":"ImageObject","inLanguage":"pl-PL","@id":"https:\/\/simpledream.pl\/index.php\/en\/produkt\/outdoor-bag-wilanow\/#primaryimage","url":"https:\/\/simpledream.pl\/wp-content\/uploads\/2022\/10\/Finlandia-2022-cz2.jpg","contentUrl":"https:\/\/simpledream.pl\/wp-content\/uploads\/2022\/10\/Finlandia-2022-cz2.jpg","width":1200,"height":1200,"caption":"Torba kompleksowa 3 w 1 z ortalionu"},{"@type":"BreadcrumbList","@id":"https:\/\/simpledream.pl\/index.php\/en\/produkt\/outdoor-bag-wilanow\/#breadcrumb","itemListElement":[{"@type":"ListItem","position":1,"name":"Strona g\u0142\u00f3wna","item":"https:\/\/simpledream.pl\/index.php\/pl\/main-home\/"},{"@type":"ListItem","position":2,"name":"Sklep","item":"https:\/\/simpledream.pl\/index.php\/pl\/sklep\/"},{"@type":"ListItem","position":3,"name":"Outdoor bag &#8211; Wilan\u00f3w"}]},{"@type":"WebSite","@id":"https:\/\/simpledream.pl\/#website","url":"https:\/\/simpledream.pl\/","name":"Simple Dream","description":"","potentialAction":[{"@type":"SearchAction","target":{"@type":"EntryPoint","urlTemplate":"https:\/\/simpledream.pl\/?s={search_term_string}"},"query-input":{"@type":"PropertyValueSpecification","valueRequired":true,"valueName":"search_term_string"}}],"inLanguage":"pl-PL"}]}},"lang":"en","translations":{"en":8611,"pl":8600},"pll_sync_post":[],"_links":{"self":[{"href":"https:\/\/simpledream.pl\/index.php\/wp-json\/wp\/v2\/product\/8611","targetHints":{"allow":["GET"]}}],"collection":[{"href":"https:\/\/simpledream.pl\/index.php\/wp-json\/wp\/v2\/product"}],"about":[{"href":"https:\/\/simpledream.pl\/index.php\/wp-json\/wp\/v2\/types\/product"}],"replies":[{"embeddable":true,"href":"https:\/\/simpledream.pl\/index.php\/wp-json\/wp\/v2\/comments?post=8611"}],"version-history":[{"count":5,"href":"https:\/\/simpledream.pl\/index.php\/wp-json\/wp\/v2\/product\/8611\/revisions"}],"predecessor-version":[{"id":8616,"href":"https:\/\/simpledream.pl\/index.php\/wp-json\/wp\/v2\/product\/8611\/revisions\/8616"}],"wp:featuredmedia":[{"embeddable":true,"href":"https:\/\/simpledream.pl\/index.php\/wp-json\/wp\/v2\/media\/8601"}],"wp:attachment":[{"href":"https:\/\/simpledream.pl\/index.php\/wp-json\/wp\/v2\/media?parent=8611"}],"wp:term":[{"taxonomy":"product_cat","embeddable":true,"href":"https:\/\/simpledream.pl\/index.php\/wp-json\/wp\/v2\/product_cat?post=8611"},{"taxonomy":"product_tag","embeddable":true,"href":"https:\/\/simpledream.pl\/index.php\/wp-json\/wp\/v2\/product_tag?post=8611"}],"curies":[{"name":"wp","href":"https:\/\/api.w.org\/{rel}","templated":true}]}}